{"id":1554,"date":"2023-04-19T16:17:22","date_gmt":"2023-04-19T14:17:22","guid":{"rendered":"https:\/\/www.lefruitierdeshalles.fr\/?post_type=cpt_services&#038;p=1554"},"modified":"2023-04-27T16:36:24","modified_gmt":"2023-04-27T14:36:24","slug":"abricots","status":"publish","type":"cpt_services","link":"http:\/\/www.lefruitierdeshalles.fr\/index.php\/services\/abricots\/","title":{"rendered":"Abricots"},"content":{"rendered":"<section class=\"wpb-content-wrapper\"><p>[vc_row][vc_column width=&#8221;1\/2&#8243; css=&#8221;.vc_custom_1479921547216{margin-top: -0.8em !important;margin-bottom: 1em !important;}&#8221;]<div id=\"sc_title_108990573\"\r\n\t\tclass=\"sc_title sc_title_default\"><h3 class=\"sc_item_title sc_title_title sc_align_default sc_item_title_style_default\">Abricots<\/h3><div class=\"sc_item_descr sc_title_descr sc_align_default\">Nous sommes fiers de proposer une s\u00e9lection de vari\u00e9t\u00e9s d'abricots juteuses et sucr\u00e9es, toutes cueillies \u00e0 leur pleine maturit\u00e9 pour garantir leur saveur in\u00e9gal\u00e9e. Que vous cherchiez des abricots pour les d\u00e9guster tels quels, pour les ajouter \u00e0 vos recettes pr\u00e9f\u00e9r\u00e9es ou pour en faire des confitures maison, notre gamme saura r\u00e9pondre \u00e0 vos attentes.<\/div><\/div><!-- \/.sc_title -->[vc_empty_space height=&#8221;7.3rem&#8221; alter_height=&#8221;none&#8221; hide_on_mobile=&#8221;&#8221;][\/vc_column][vc_column width=&#8221;1\/2&#8243; css=&#8221;.vc_custom_1479883614224{margin-top: -3.6em !important;}&#8221;]<div class=\"sc_item_button sc_button_wrap sc_align_center\"><a href=\"https:\/\/www.ollca.com\/rouen\/boutiques\/fruitierdeshalles\"\r\n\t id=\"sc_button_596269552\" \r\n\tclass=\"sc_button sc_button_default sc_button_size_normal sc_button_icon_left\"\r\n\t\t><span class=\"sc_button_text\"><span class=\"sc_button_title\">Commander<\/span><\/span><!-- \/.sc_button_text --><\/a><!-- \/.sc_button --><\/div><!-- \/.sc_item_button -->[\/vc_column][\/vc_row][vc_row full_width=&#8221;stretch_row&#8221; css=&#8221;.vc_custom_1681907884770{background-color: #f28c02 !important;background-position: center !important;background-repeat: no-repeat !important;background-size: cover !important;}&#8221;][vc_column width=&#8221;1\/2&#8243;][vc_empty_space height=&#8221;&#8221; alter_height=&#8221;small&#8221; hide_on_mobile=&#8221;&#8221;][vc_single_image image=&#8221;1555&#8243; img_size=&#8221;full&#8221; alignment=&#8221;center&#8221; style=&#8221;vc_box_circle_2&#8243;][vc_empty_space height=&#8221;&#8221; alter_height=&#8221;small&#8221; hide_on_mobile=&#8221;&#8221;][\/vc_column][vc_column width=&#8221;1\/2&#8243;][vc_empty_space height=&#8221;&#8221; alter_height=&#8221;small&#8221; hide_on_mobile=&#8221;&#8221;]<div id=\"sc_title_356421140\"\r\n\t\tclass=\"scheme_dark sc_title sc_title_default\"><h3 class=\"sc_item_title sc_title_title sc_align_default sc_item_title_style_default\">Abricots extra<\/h3><div class=\"sc_item_descr sc_title_descr sc_align_default\">Nos abricots sont des fruits charnus et juteux, originaires d'Asie centrale, mais maintenant cultiv\u00e9s dans de nombreuses r\u00e9gions du monde. Ils ont une peau velout\u00e9e et une chair jaune \u00e0 orang\u00e9e, qui est douce et l\u00e9g\u00e8rement acidul\u00e9e. Les abricots sont une bonne source de vitamine A, de vitamine C, de potassium, de fibres alimentaires et d'antioxydants. Ils sont souvent consomm\u00e9s frais ou utilis\u00e9s pour la pr\u00e9paration de confitures, de compotes, de tartes et d'autres desserts.<\/div><\/div><!-- \/.sc_title -->[\/vc_column][\/vc_row][vc_row][vc_column css=&#8221;.vc_custom_1479889131039{margin-top: 1em !important;margin-bottom: -3.5em !important;}&#8221;]<div id=\"sc_title_349397302\"\r\n\t\tclass=\"sc_title sc_title_default\"><h6 class=\"sc_item_subtitle sc_title_subtitle sc_align_center sc_item_title_style_default\">Nos recettes<\/h6><h3 class=\"sc_item_title sc_title_title sc_align_center sc_item_title_style_default\">Une id\u00e9e de recette ?<\/h3><\/div><!-- \/.sc_title -->[vc_empty_space height=&#8221;2.6rem&#8221; alter_height=&#8221;none&#8221; hide_on_mobile=&#8221;&#8221;][\/vc_column][\/vc_row]<\/p>\n<\/section>","protected":false},"excerpt":{"rendered":"<p>D\u00e9couvrez notre s\u00e9lection de vari\u00e9t\u00e9s d&#8217;abricots juteux et sucr\u00e9s.<\/p>\n","protected":false},"author":1,"featured_media":0,"template":"","class_list":["post-1554","cpt_services","type-cpt_services","status-publish","hentry","cpt_services_group-nos-fruits"],"yoast_head":"<!-- This site is optimized with the Yoast SEO plugin v21.7 - https:\/\/yoast.com\/wordpress\/plugins\/seo\/ -->\n<title>Abricots - Fruitier des Halles<\/title>\n<meta name=\"robots\" content=\"index, follow, max-snippet:-1, max-image-preview:large, max-video-preview:-1\" \/>\n<link rel=\"canonical\" href=\"http:\/\/www.lefruitierdeshalles.fr\/index.php\/services\/abricots\/\" \/>\n<meta property=\"og:locale\" content=\"fr_FR\" \/>\n<meta property=\"og:type\" content=\"article\" \/>\n<meta property=\"og:title\" content=\"Abricots - Fruitier des Halles\" \/>\n<meta property=\"og:description\" content=\"D\u00e9couvrez notre s\u00e9lection de vari\u00e9t\u00e9s d&#039;abricots juteux et sucr\u00e9s.\" \/>\n<meta property=\"og:url\" content=\"http:\/\/www.lefruitierdeshalles.fr\/index.php\/services\/abricots\/\" \/>\n<meta property=\"og:site_name\" content=\"Fruitier des Halles\" \/>\n<meta property=\"article:modified_time\" content=\"2023-04-27T14:36:24+00:00\" \/>\n<meta name=\"twitter:card\" content=\"summary_large_image\" \/>\n<meta name=\"twitter:label1\" content=\"Dur\u00e9e de lecture estim\u00e9e\" \/>\n\t<meta name=\"twitter:data1\" content=\"2 minutes\" \/>\n<script type=\"application\/ld+json\" class=\"yoast-schema-graph\">{\"@context\":\"https:\/\/schema.org\",\"@graph\":[{\"@type\":\"WebPage\",\"@id\":\"http:\/\/www.lefruitierdeshalles.fr\/index.php\/services\/abricots\/\",\"url\":\"http:\/\/www.lefruitierdeshalles.fr\/index.php\/services\/abricots\/\",\"name\":\"Abricots - Fruitier des Halles\",\"isPartOf\":{\"@id\":\"http:\/\/www.lefruitierdeshalles.fr\/#website\"},\"datePublished\":\"2023-04-19T14:17:22+00:00\",\"dateModified\":\"2023-04-27T14:36:24+00:00\",\"breadcrumb\":{\"@id\":\"http:\/\/www.lefruitierdeshalles.fr\/index.php\/services\/abricots\/#breadcrumb\"},\"inLanguage\":\"fr-FR\",\"potentialAction\":[{\"@type\":\"ReadAction\",\"target\":[\"http:\/\/www.lefruitierdeshalles.fr\/index.php\/services\/abricots\/\"]}]},{\"@type\":\"BreadcrumbList\",\"@id\":\"http:\/\/www.lefruitierdeshalles.fr\/index.php\/services\/abricots\/#breadcrumb\",\"itemListElement\":[{\"@type\":\"ListItem\",\"position\":1,\"name\":\"Accueil\",\"item\":\"http:\/\/www.lefruitierdeshalles.fr\/\"},{\"@type\":\"ListItem\",\"position\":2,\"name\":\"Services\",\"item\":\"http:\/\/www.lefruitierdeshalles.fr\/index.php\/services\/\"},{\"@type\":\"ListItem\",\"position\":3,\"name\":\"Abricots\"}]},{\"@type\":\"WebSite\",\"@id\":\"http:\/\/www.lefruitierdeshalles.fr\/#website\",\"url\":\"http:\/\/www.lefruitierdeshalles.fr\/\",\"name\":\"Fruitier des Halles\",\"description\":\"Primeur \u00e0 Rouen\",\"publisher\":{\"@id\":\"http:\/\/www.lefruitierdeshalles.fr\/#organization\"},\"potentialAction\":[{\"@type\":\"SearchAction\",\"target\":{\"@type\":\"EntryPoint\",\"urlTemplate\":\"http:\/\/www.lefruitierdeshalles.fr\/?s={search_term_string}\"},\"query-input\":\"required name=search_term_string\"}],\"inLanguage\":\"fr-FR\"},{\"@type\":\"Organization\",\"@id\":\"http:\/\/www.lefruitierdeshalles.fr\/#organization\",\"name\":\"Fruitier des Halles\",\"url\":\"http:\/\/www.lefruitierdeshalles.fr\/\",\"logo\":{\"@type\":\"ImageObject\",\"inLanguage\":\"fr-FR\",\"@id\":\"http:\/\/www.lefruitierdeshalles.fr\/#\/schema\/logo\/image\/\",\"url\":\"http:\/\/www.lefruitierdeshalles.fr\/wp-content\/uploads\/2023\/04\/cropped-Logo-3_Plan-de-travail-1-03.png\",\"contentUrl\":\"http:\/\/www.lefruitierdeshalles.fr\/wp-content\/uploads\/2023\/04\/cropped-Logo-3_Plan-de-travail-1-03.png\",\"width\":512,\"height\":512,\"caption\":\"Fruitier des Halles\"},\"image\":{\"@id\":\"http:\/\/www.lefruitierdeshalles.fr\/#\/schema\/logo\/image\/\"},\"sameAs\":[\"https:\/\/www.instagram.com\/lefruitierdeshalles_rouen\/\"]}]}<\/script>\n<!-- \/ Yoast SEO plugin. -->","yoast_head_json":{"title":"Abricots - Fruitier des Halles","robots":{"index":"index","follow":"follow","max-snippet":"max-snippet:-1","max-image-preview":"max-image-preview:large","max-video-preview":"max-video-preview:-1"},"canonical":"http:\/\/www.lefruitierdeshalles.fr\/index.php\/services\/abricots\/","og_locale":"fr_FR","og_type":"article","og_title":"Abricots - Fruitier des Halles","og_description":"D\u00e9couvrez notre s\u00e9lection de vari\u00e9t\u00e9s d'abricots juteux et sucr\u00e9s.","og_url":"http:\/\/www.lefruitierdeshalles.fr\/index.php\/services\/abricots\/","og_site_name":"Fruitier des Halles","article_modified_time":"2023-04-27T14:36:24+00:00","twitter_card":"summary_large_image","twitter_misc":{"Dur\u00e9e de lecture estim\u00e9e":"2 minutes"},"schema":{"@context":"https:\/\/schema.org","@graph":[{"@type":"WebPage","@id":"http:\/\/www.lefruitierdeshalles.fr\/index.php\/services\/abricots\/","url":"http:\/\/www.lefruitierdeshalles.fr\/index.php\/services\/abricots\/","name":"Abricots - Fruitier des Halles","isPartOf":{"@id":"http:\/\/www.lefruitierdeshalles.fr\/#website"},"datePublished":"2023-04-19T14:17:22+00:00","dateModified":"2023-04-27T14:36:24+00:00","breadcrumb":{"@id":"http:\/\/www.lefruitierdeshalles.fr\/index.php\/services\/abricots\/#breadcrumb"},"inLanguage":"fr-FR","potentialAction":[{"@type":"ReadAction","target":["http:\/\/www.lefruitierdeshalles.fr\/index.php\/services\/abricots\/"]}]},{"@type":"BreadcrumbList","@id":"http:\/\/www.lefruitierdeshalles.fr\/index.php\/services\/abricots\/#breadcrumb","itemListElement":[{"@type":"ListItem","position":1,"name":"Accueil","item":"http:\/\/www.lefruitierdeshalles.fr\/"},{"@type":"ListItem","position":2,"name":"Services","item":"http:\/\/www.lefruitierdeshalles.fr\/index.php\/services\/"},{"@type":"ListItem","position":3,"name":"Abricots"}]},{"@type":"WebSite","@id":"http:\/\/www.lefruitierdeshalles.fr\/#website","url":"http:\/\/www.lefruitierdeshalles.fr\/","name":"Fruitier des Halles","description":"Primeur \u00e0 Rouen","publisher":{"@id":"http:\/\/www.lefruitierdeshalles.fr\/#organization"},"potentialAction":[{"@type":"SearchAction","target":{"@type":"EntryPoint","urlTemplate":"http:\/\/www.lefruitierdeshalles.fr\/?s={search_term_string}"},"query-input":"required name=search_term_string"}],"inLanguage":"fr-FR"},{"@type":"Organization","@id":"http:\/\/www.lefruitierdeshalles.fr\/#organization","name":"Fruitier des Halles","url":"http:\/\/www.lefruitierdeshalles.fr\/","logo":{"@type":"ImageObject","inLanguage":"fr-FR","@id":"http:\/\/www.lefruitierdeshalles.fr\/#\/schema\/logo\/image\/","url":"http:\/\/www.lefruitierdeshalles.fr\/wp-content\/uploads\/2023\/04\/cropped-Logo-3_Plan-de-travail-1-03.png","contentUrl":"http:\/\/www.lefruitierdeshalles.fr\/wp-content\/uploads\/2023\/04\/cropped-Logo-3_Plan-de-travail-1-03.png","width":512,"height":512,"caption":"Fruitier des Halles"},"image":{"@id":"http:\/\/www.lefruitierdeshalles.fr\/#\/schema\/logo\/image\/"},"sameAs":["https:\/\/www.instagram.com\/lefruitierdeshalles_rouen\/"]}]}},"_links":{"self":[{"href":"http:\/\/www.lefruitierdeshalles.fr\/index.php\/wp-json\/wp\/v2\/cpt_services\/1554","targetHints":{"allow":["GET"]}}],"collection":[{"href":"http:\/\/www.lefruitierdeshalles.fr\/index.php\/wp-json\/wp\/v2\/cpt_services"}],"about":[{"href":"http:\/\/www.lefruitierdeshalles.fr\/index.php\/wp-json\/wp\/v2\/types\/cpt_services"}],"author":[{"embeddable":true,"href":"http:\/\/www.lefruitierdeshalles.fr\/index.php\/wp-json\/wp\/v2\/users\/1"}],"wp:attachment":[{"href":"http:\/\/www.lefruitierdeshalles.fr\/index.php\/wp-json\/wp\/v2\/media?parent=1554"}],"curies":[{"name":"wp","href":"https:\/\/api.w.org\/{rel}","templated":true}]}}

<section class="wpb-content-wrapper"><p>[vc_row][vc_column width=&#8221;1/2&#8243; css=&#8221;.vc_custom_1479921547216{margin-top: -0.8em !important;margin-bottom: 1em !important;}&#8221;]<div id="sc_title_108990573"
		class="sc_title sc_title_default"><h3 class="sc_item_title sc_title_title sc_align_default sc_item_title_style_default">Abricots</h3><div class="sc_item_descr sc_title_descr sc_align_default">Nous sommes fiers de proposer une sélection de variétés d'abricots juteuses et sucrées, toutes cueillies à leur pleine maturité pour garantir leur saveur inégalée. Que vous cherchiez des abricots pour les déguster tels quels, pour les ajouter à vos recettes préférées ou pour en faire des confitures maison, notre gamme saura répondre à vos attentes.</div></div><!-- /.sc_title -->[vc_empty_space height=&#8221;7.3rem&#8221; alter_height=&#8221;none&#8221; hide_on_mobile=&#8221;&#8221;][/vc_column][vc_column width=&#8221;1/2&#8243; css=&#8221;.vc_custom_1479883614224{margin-top: -3.6em !important;}&#8221;]<div class="sc_item_button sc_button_wrap sc_align_center"><a href="https://www.ollca.com/rouen/boutiques/fruitierdeshalles"
	 id="sc_button_596269552" 
	class="sc_button sc_button_default sc_button_size_normal sc_button_icon_left"
		><span class="sc_button_text"><span class="sc_button_title">Commander</span></span><!-- /.sc_button_text --></a><!-- /.sc_button --></div><!-- /.sc_item_button -->[/vc_column][/vc_row][vc_row full_width=&#8221;stretch_row&#8221; css=&#8221;.vc_custom_1681907884770{background-color: #f28c02 !important;background-position: center !important;background-repeat: no-repeat !important;background-size: cover !important;}&#8221;][vc_column width=&#8221;1/2&#8243;][vc_empty_space height=&#8221;&#8221; alter_height=&#8221;small&#8221; hide_on_mobile=&#8221;&#8221;][vc_single_image image=&#8221;1555&#8243; img_size=&#8221;full&#8221; alignment=&#8221;center&#8221; style=&#8221;vc_box_circle_2&#8243;][vc_empty_space height=&#8221;&#8221; alter_height=&#8221;small&#8221; hide_on_mobile=&#8221;&#8221;][/vc_column][vc_column width=&#8221;1/2&#8243;][vc_empty_space height=&#8221;&#8221; alter_height=&#8221;small&#8221; hide_on_mobile=&#8221;&#8221;]<div id="sc_title_356421140"
		class="scheme_dark sc_title sc_title_default"><h3 class="sc_item_title sc_title_title sc_align_default sc_item_title_style_default">Abricots extra</h3><div class="sc_item_descr sc_title_descr sc_align_default">Nos abricots sont des fruits charnus et juteux, originaires d'Asie centrale, mais maintenant cultivés dans de nombreuses régions du monde. Ils ont une peau veloutée et une chair jaune à orangée, qui est douce et légèrement acidulée. Les abricots sont une bonne source de vitamine A, de vitamine C, de potassium, de fibres alimentaires et d'antioxydants. Ils sont souvent consommés frais ou utilisés pour la préparation de confitures, de compotes, de tartes et d'autres desserts.</div></div><!-- /.sc_title -->[/vc_column][/vc_row][vc_row][vc_column css=&#8221;.vc_custom_1479889131039{margin-top: 1em !important;margin-bottom: -3.5em !important;}&#8221;]<div id="sc_title_349397302"
		class="sc_title sc_title_default"><h6 class="sc_item_subtitle sc_title_subtitle sc_align_center sc_item_title_style_default">Nos recettes</h6><h3 class="sc_item_title sc_title_title sc_align_center sc_item_title_style_default">Une idée de recette ?</h3></div><!-- /.sc_title -->[vc_empty_space height=&#8221;2.6rem&#8221; alter_height=&#8221;none&#8221; hide_on_mobile=&#8221;&#8221;][/vc_column][/vc_row]</p>
</section>

<p>Découvrez notre sélection de variétés d&#8217;abricots juteux et sucrés.</p>

<!-- This site is optimized with the Yoast SEO plugin v21.7 - https://yoast.com/wordpress/plugins/seo/ -->
<title>Abricots - Fruitier des Halles</title>
<meta name="robots" content="index, follow, max-snippet:-1, max-image-preview:large, max-video-preview:-1" />
<link rel="canonical" href="http://www.lefruitierdeshalles.fr/index.php/services/abricots/" />
<meta property="og:locale" content="fr_FR" />
<meta property="og:type" content="article" />
<meta property="og:title" content="Abricots - Fruitier des Halles" />
<meta property="og:description" content="Découvrez notre sélection de variétés d&#039;abricots juteux et sucrés." />
<meta property="og:url" content="http://www.lefruitierdeshalles.fr/index.php/services/abricots/" />
<meta property="og:site_name" content="Fruitier des Halles" />
<meta property="article:modified_time" content="2023-04-27T14:36:24+00:00" />
<meta name="twitter:card" content="summary_large_image" />
<meta name="twitter:label1" content="Durée de lecture estimée" />
	<meta name="twitter:data1" content="2 minutes" />
<script type="application/ld+json" class="yoast-schema-graph">{"@context":"https://schema.org","@graph":[{"@type":"WebPage","@id":"http://www.lefruitierdeshalles.fr/index.php/services/abricots/","url":"http://www.lefruitierdeshalles.fr/index.php/services/abricots/","name":"Abricots - Fruitier des Halles","isPartOf":{"@id":"http://www.lefruitierdeshalles.fr/#website"},"datePublished":"2023-04-19T14:17:22+00:00","dateModified":"2023-04-27T14:36:24+00:00","breadcrumb":{"@id":"http://www.lefruitierdeshalles.fr/index.php/services/abricots/#breadcrumb"},"inLanguage":"fr-FR","potentialAction":[{"@type":"ReadAction","target":["http://www.lefruitierdeshalles.fr/index.php/services/abricots/"]}]},{"@type":"BreadcrumbList","@id":"http://www.lefruitierdeshalles.fr/index.php/services/abricots/#breadcrumb","itemListElement":[{"@type":"ListItem","position":1,"name":"Accueil","item":"http://www.lefruitierdeshalles.fr/"},{"@type":"ListItem","position":2,"name":"Services","item":"http://www.lefruitierdeshalles.fr/index.php/services/"},{"@type":"ListItem","position":3,"name":"Abricots"}]},{"@type":"WebSite","@id":"http://www.lefruitierdeshalles.fr/#website","url":"http://www.lefruitierdeshalles.fr/","name":"Fruitier des Halles","description":"Primeur à Rouen","publisher":{"@id":"http://www.lefruitierdeshalles.fr/#organization"},"potentialAction":[{"@type":"SearchAction","target":{"@type":"EntryPoint","urlTemplate":"http://www.lefruitierdeshalles.fr/?s={search_term_string}"},"query-input":"required name=search_term_string"}],"inLanguage":"fr-FR"},{"@type":"Organization","@id":"http://www.lefruitierdeshalles.fr/#organization","name":"Fruitier des Halles","url":"http://www.lefruitierdeshalles.fr/","logo":{"@type":"ImageObject","inLanguage":"fr-FR","@id":"http://www.lefruitierdeshalles.fr/#/schema/logo/image/","url":"http://www.lefruitierdeshalles.fr/wp-content/uploads/2023/04/cropped-Logo-3_Plan-de-travail-1-03.png","contentUrl":"http://www.lefruitierdeshalles.fr/wp-content/uploads/2023/04/cropped-Logo-3_Plan-de-travail-1-03.png","width":512,"height":512,"caption":"Fruitier des Halles"},"image":{"@id":"http://www.lefruitierdeshalles.fr/#/schema/logo/image/"},"sameAs":["https://www.instagram.com/lefruitierdeshalles_rouen/"]}]}</script>
<!-- / Yoast SEO plugin. -->

Découvrez notre sélection de variétés d'abricots juteux et sucrés.

Primeur à Rouen
