{"id":1605,"date":"2023-04-20T11:01:27","date_gmt":"2023-04-20T09:01:27","guid":{"rendered":"https:\/\/www.lefruitierdeshalles.fr\/?post_type=cpt_services&#038;p=1605"},"modified":"2023-04-27T16:54:18","modified_gmt":"2023-04-27T14:54:18","slug":"artichauts","status":"publish","type":"cpt_services","link":"http:\/\/www.lefruitierdeshalles.fr\/index.php\/services\/artichauts\/","title":{"rendered":"Artichauts"},"content":{"rendered":"<section class=\"wpb-content-wrapper\"><p>[vc_row][vc_column width=&#8221;1\/2&#8243; css=&#8221;.vc_custom_1479921547216{margin-top: -0.8em !important;margin-bottom: 1em !important;}&#8221;]<div id=\"sc_title_1400386536\"\r\n\t\tclass=\"sc_title sc_title_default\"><h3 class=\"sc_item_title sc_title_title sc_align_default sc_item_title_style_default\">Artichauts<\/h3><div class=\"sc_item_descr sc_title_descr sc_align_default\">D\u00e9couvrez notre s\u00e9lection exceptionnelle d'artichauts, cultiv\u00e9s avec soin et r\u00e9colt\u00e9s \u00e0 leur pleine maturit\u00e9 pour garantir leur go\u00fbt et leur texture incomparables. Nous sommes fiers de proposer une vari\u00e9t\u00e9 d'artichauts de qualit\u00e9 sup\u00e9rieure. Explorez notre s\u00e9lection d'artichauts d\u00e8s maintenant et d\u00e9couvrez la richesse de leur saveur et texture dans toutes vos cr\u00e9ations culinaires.<\/div><\/div><!-- \/.sc_title -->[vc_empty_space height=&#8221;7.3rem&#8221; alter_height=&#8221;none&#8221; hide_on_mobile=&#8221;&#8221;][\/vc_column][vc_column width=&#8221;1\/2&#8243; css=&#8221;.vc_custom_1479883614224{margin-top: -3.6em !important;}&#8221;]<div class=\"sc_item_button sc_button_wrap sc_align_center\"><a href=\"https:\/\/www.ollca.com\/rouen\/boutiques\/fruitierdeshalles\"\r\n\t id=\"sc_button_999827590\" \r\n\tclass=\"sc_button sc_button_default sc_button_size_normal sc_button_icon_left\"\r\n\t\t><span class=\"sc_button_text\"><span class=\"sc_button_title\">Commander<\/span><\/span><!-- \/.sc_button_text --><\/a><!-- \/.sc_button --><\/div><!-- \/.sc_item_button -->[\/vc_column][\/vc_row][vc_row full_width=&#8221;stretch_row&#8221; css=&#8221;.vc_custom_1681907884770{background-color: #f28c02 !important;background-position: center !important;background-repeat: no-repeat !important;background-size: cover !important;}&#8221;][vc_column width=&#8221;1\/2&#8243;][vc_empty_space height=&#8221;&#8221; alter_height=&#8221;small&#8221; hide_on_mobile=&#8221;&#8221;][vc_single_image image=&#8221;1606&#8243; img_size=&#8221;full&#8221; alignment=&#8221;center&#8221; style=&#8221;vc_box_circle_2&#8243;][vc_empty_space height=&#8221;&#8221; alter_height=&#8221;small&#8221; hide_on_mobile=&#8221;&#8221;][\/vc_column][vc_column width=&#8221;1\/2&#8243;][vc_empty_space height=&#8221;&#8221; alter_height=&#8221;small&#8221; hide_on_mobile=&#8221;&#8221;]<div id=\"sc_title_1036167869\"\r\n\t\tclass=\"scheme_dark sc_title sc_title_default\"><h3 class=\"sc_item_title sc_title_title sc_align_default sc_item_title_style_default\">Artichaut calico<\/h3><div class=\"sc_item_descr sc_title_descr sc_align_default\">L'artichaut Calico est une vari\u00e9t\u00e9 d'artichauts de type camus. C'est un gros artichaut de couleur verte, avec des feuilles charnues et une base \u00e9paisse. Sa saveur est douce et l\u00e9g\u00e8rement sucr\u00e9e, avec une texture tendre et fondante. Il est souvent utilis\u00e9 en cuisine pour faire des salades, des gratins, des soupes, des tartes et d'autres plats savoureux. L'artichaut Calico est \u00e9galement une source riche de fibres, de vitamines et de min\u00e9raux, ce qui en fait un choix sain pour toute personne souhaitant am\u00e9liorer son r\u00e9gime alimentaire.<\/div><\/div><!-- \/.sc_title -->[\/vc_column][\/vc_row][vc_row full_width=&#8221;stretch_row&#8221; css=&#8221;.vc_custom_1681907884770{background-color: #f28c02 !important;background-position: center !important;background-repeat: no-repeat !important;background-size: cover !important;}&#8221;][vc_column width=&#8221;1\/2&#8243;][vc_empty_space height=&#8221;&#8221; alter_height=&#8221;small&#8221; hide_on_mobile=&#8221;&#8221;][vc_single_image image=&#8221;1607&#8243; img_size=&#8221;full&#8221; alignment=&#8221;center&#8221; style=&#8221;vc_box_circle_2&#8243;][vc_empty_space height=&#8221;&#8221; alter_height=&#8221;small&#8221; hide_on_mobile=&#8221;&#8221;][\/vc_column][vc_column width=&#8221;1\/2&#8243;][vc_empty_space height=&#8221;&#8221; alter_height=&#8221;small&#8221; hide_on_mobile=&#8221;&#8221;]<div id=\"sc_title_195307011\"\r\n\t\tclass=\"scheme_dark sc_title sc_title_default\"><h3 class=\"sc_item_title sc_title_title sc_align_default sc_item_title_style_default\">Artichaut poivrade<\/h3><div class=\"sc_item_descr sc_title_descr sc_align_default\">L'artichaut poivrade est une vari\u00e9t\u00e9 d'artichaut dont le nom vient de sa forme allong\u00e9e et fine rappelant celle d'un poivre. Il se consomme cuit \u00e0 la vapeur ou po\u00eal\u00e9 et peut \u00eatre d\u00e9gust\u00e9 seul, en accompagnement ou dans des pr\u00e9parations culinaires telles que des salades, des pizzas, des tajines ou des gratins. Il est \u00e9galement riche en nutriments tels que les fibres, les vitamines C et K, le magn\u00e9sium et le potassium.<\/div><\/div><!-- \/.sc_title -->[\/vc_column][\/vc_row][vc_row][vc_column css=&#8221;.vc_custom_1479889131039{margin-top: 1em !important;margin-bottom: -3.5em !important;}&#8221;]<div id=\"sc_title_1710224844\"\r\n\t\tclass=\"sc_title sc_title_default\"><h6 class=\"sc_item_subtitle sc_title_subtitle sc_align_center sc_item_title_style_default\">Nos recettes<\/h6><h3 class=\"sc_item_title sc_title_title sc_align_center sc_item_title_style_default\">Une id\u00e9e de recette ?<\/h3><\/div><!-- \/.sc_title -->[vc_empty_space height=&#8221;2.6rem&#8221; alter_height=&#8221;none&#8221; hide_on_mobile=&#8221;&#8221;][\/vc_column][\/vc_row]<\/p>\n<\/section>","protected":false},"excerpt":{"rendered":"<p>D\u00e9couvrez notre s\u00e9lection exceptionnelle d&#8217;artichauts.<\/p>\n","protected":false},"author":1,"featured_media":0,"template":"","class_list":["post-1605","cpt_services","type-cpt_services","status-publish","hentry","cpt_services_group-nos-legumes"],"yoast_head":"<!-- This site is optimized with the Yoast SEO plugin v21.7 - https:\/\/yoast.com\/wordpress\/plugins\/seo\/ -->\n<title>Artichauts - Fruitier des Halles<\/title>\n<meta name=\"robots\" content=\"index, follow, max-snippet:-1, max-image-preview:large, max-video-preview:-1\" \/>\n<link rel=\"canonical\" href=\"https:\/\/www.lefruitierdeshalles.fr\/index.php\/services\/artichauts\/\" \/>\n<meta property=\"og:locale\" content=\"fr_FR\" \/>\n<meta property=\"og:type\" content=\"article\" \/>\n<meta property=\"og:title\" content=\"Artichauts - Fruitier des Halles\" \/>\n<meta property=\"og:description\" content=\"D\u00e9couvrez notre s\u00e9lection exceptionnelle d&#039;artichauts.\" \/>\n<meta property=\"og:url\" content=\"https:\/\/www.lefruitierdeshalles.fr\/index.php\/services\/artichauts\/\" \/>\n<meta property=\"og:site_name\" content=\"Fruitier des Halles\" \/>\n<meta property=\"article:modified_time\" content=\"2023-04-27T14:54:18+00:00\" \/>\n<meta name=\"twitter:card\" content=\"summary_large_image\" \/>\n<meta name=\"twitter:label1\" content=\"Dur\u00e9e de lecture estim\u00e9e\" \/>\n\t<meta name=\"twitter:data1\" content=\"3 minutes\" \/>\n<script type=\"application\/ld+json\" class=\"yoast-schema-graph\">{\"@context\":\"https:\/\/schema.org\",\"@graph\":[{\"@type\":\"WebPage\",\"@id\":\"https:\/\/www.lefruitierdeshalles.fr\/index.php\/services\/artichauts\/\",\"url\":\"https:\/\/www.lefruitierdeshalles.fr\/index.php\/services\/artichauts\/\",\"name\":\"Artichauts - Fruitier des Halles\",\"isPartOf\":{\"@id\":\"http:\/\/www.lefruitierdeshalles.fr\/#website\"},\"datePublished\":\"2023-04-20T09:01:27+00:00\",\"dateModified\":\"2023-04-27T14:54:18+00:00\",\"breadcrumb\":{\"@id\":\"https:\/\/www.lefruitierdeshalles.fr\/index.php\/services\/artichauts\/#breadcrumb\"},\"inLanguage\":\"fr-FR\",\"potentialAction\":[{\"@type\":\"ReadAction\",\"target\":[\"https:\/\/www.lefruitierdeshalles.fr\/index.php\/services\/artichauts\/\"]}]},{\"@type\":\"BreadcrumbList\",\"@id\":\"https:\/\/www.lefruitierdeshalles.fr\/index.php\/services\/artichauts\/#breadcrumb\",\"itemListElement\":[{\"@type\":\"ListItem\",\"position\":1,\"name\":\"Accueil\",\"item\":\"http:\/\/www.lefruitierdeshalles.fr\/\"},{\"@type\":\"ListItem\",\"position\":2,\"name\":\"Services\",\"item\":\"http:\/\/www.lefruitierdeshalles.fr\/index.php\/services\/\"},{\"@type\":\"ListItem\",\"position\":3,\"name\":\"Artichauts\"}]},{\"@type\":\"WebSite\",\"@id\":\"http:\/\/www.lefruitierdeshalles.fr\/#website\",\"url\":\"http:\/\/www.lefruitierdeshalles.fr\/\",\"name\":\"Fruitier des Halles\",\"description\":\"Primeur \u00e0 Rouen\",\"publisher\":{\"@id\":\"http:\/\/www.lefruitierdeshalles.fr\/#organization\"},\"potentialAction\":[{\"@type\":\"SearchAction\",\"target\":{\"@type\":\"EntryPoint\",\"urlTemplate\":\"http:\/\/www.lefruitierdeshalles.fr\/?s={search_term_string}\"},\"query-input\":\"required name=search_term_string\"}],\"inLanguage\":\"fr-FR\"},{\"@type\":\"Organization\",\"@id\":\"http:\/\/www.lefruitierdeshalles.fr\/#organization\",\"name\":\"Fruitier des Halles\",\"url\":\"http:\/\/www.lefruitierdeshalles.fr\/\",\"logo\":{\"@type\":\"ImageObject\",\"inLanguage\":\"fr-FR\",\"@id\":\"http:\/\/www.lefruitierdeshalles.fr\/#\/schema\/logo\/image\/\",\"url\":\"http:\/\/www.lefruitierdeshalles.fr\/wp-content\/uploads\/2023\/04\/cropped-Logo-3_Plan-de-travail-1-03.png\",\"contentUrl\":\"http:\/\/www.lefruitierdeshalles.fr\/wp-content\/uploads\/2023\/04\/cropped-Logo-3_Plan-de-travail-1-03.png\",\"width\":512,\"height\":512,\"caption\":\"Fruitier des Halles\"},\"image\":{\"@id\":\"http:\/\/www.lefruitierdeshalles.fr\/#\/schema\/logo\/image\/\"},\"sameAs\":[\"https:\/\/www.instagram.com\/lefruitierdeshalles_rouen\/\"]}]}<\/script>\n<!-- \/ Yoast SEO plugin. -->","yoast_head_json":{"title":"Artichauts - Fruitier des Halles","robots":{"index":"index","follow":"follow","max-snippet":"max-snippet:-1","max-image-preview":"max-image-preview:large","max-video-preview":"max-video-preview:-1"},"canonical":"https:\/\/www.lefruitierdeshalles.fr\/index.php\/services\/artichauts\/","og_locale":"fr_FR","og_type":"article","og_title":"Artichauts - Fruitier des Halles","og_description":"D\u00e9couvrez notre s\u00e9lection exceptionnelle d'artichauts.","og_url":"https:\/\/www.lefruitierdeshalles.fr\/index.php\/services\/artichauts\/","og_site_name":"Fruitier des Halles","article_modified_time":"2023-04-27T14:54:18+00:00","twitter_card":"summary_large_image","twitter_misc":{"Dur\u00e9e de lecture estim\u00e9e":"3 minutes"},"schema":{"@context":"https:\/\/schema.org","@graph":[{"@type":"WebPage","@id":"https:\/\/www.lefruitierdeshalles.fr\/index.php\/services\/artichauts\/","url":"https:\/\/www.lefruitierdeshalles.fr\/index.php\/services\/artichauts\/","name":"Artichauts - Fruitier des Halles","isPartOf":{"@id":"http:\/\/www.lefruitierdeshalles.fr\/#website"},"datePublished":"2023-04-20T09:01:27+00:00","dateModified":"2023-04-27T14:54:18+00:00","breadcrumb":{"@id":"https:\/\/www.lefruitierdeshalles.fr\/index.php\/services\/artichauts\/#breadcrumb"},"inLanguage":"fr-FR","potentialAction":[{"@type":"ReadAction","target":["https:\/\/www.lefruitierdeshalles.fr\/index.php\/services\/artichauts\/"]}]},{"@type":"BreadcrumbList","@id":"https:\/\/www.lefruitierdeshalles.fr\/index.php\/services\/artichauts\/#breadcrumb","itemListElement":[{"@type":"ListItem","position":1,"name":"Accueil","item":"http:\/\/www.lefruitierdeshalles.fr\/"},{"@type":"ListItem","position":2,"name":"Services","item":"http:\/\/www.lefruitierdeshalles.fr\/index.php\/services\/"},{"@type":"ListItem","position":3,"name":"Artichauts"}]},{"@type":"WebSite","@id":"http:\/\/www.lefruitierdeshalles.fr\/#website","url":"http:\/\/www.lefruitierdeshalles.fr\/","name":"Fruitier des Halles","description":"Primeur \u00e0 Rouen","publisher":{"@id":"http:\/\/www.lefruitierdeshalles.fr\/#organization"},"potentialAction":[{"@type":"SearchAction","target":{"@type":"EntryPoint","urlTemplate":"http:\/\/www.lefruitierdeshalles.fr\/?s={search_term_string}"},"query-input":"required name=search_term_string"}],"inLanguage":"fr-FR"},{"@type":"Organization","@id":"http:\/\/www.lefruitierdeshalles.fr\/#organization","name":"Fruitier des Halles","url":"http:\/\/www.lefruitierdeshalles.fr\/","logo":{"@type":"ImageObject","inLanguage":"fr-FR","@id":"http:\/\/www.lefruitierdeshalles.fr\/#\/schema\/logo\/image\/","url":"http:\/\/www.lefruitierdeshalles.fr\/wp-content\/uploads\/2023\/04\/cropped-Logo-3_Plan-de-travail-1-03.png","contentUrl":"http:\/\/www.lefruitierdeshalles.fr\/wp-content\/uploads\/2023\/04\/cropped-Logo-3_Plan-de-travail-1-03.png","width":512,"height":512,"caption":"Fruitier des Halles"},"image":{"@id":"http:\/\/www.lefruitierdeshalles.fr\/#\/schema\/logo\/image\/"},"sameAs":["https:\/\/www.instagram.com\/lefruitierdeshalles_rouen\/"]}]}},"_links":{"self":[{"href":"http:\/\/www.lefruitierdeshalles.fr\/index.php\/wp-json\/wp\/v2\/cpt_services\/1605","targetHints":{"allow":["GET"]}}],"collection":[{"href":"http:\/\/www.lefruitierdeshalles.fr\/index.php\/wp-json\/wp\/v2\/cpt_services"}],"about":[{"href":"http:\/\/www.lefruitierdeshalles.fr\/index.php\/wp-json\/wp\/v2\/types\/cpt_services"}],"author":[{"embeddable":true,"href":"http:\/\/www.lefruitierdeshalles.fr\/index.php\/wp-json\/wp\/v2\/users\/1"}],"wp:attachment":[{"href":"http:\/\/www.lefruitierdeshalles.fr\/index.php\/wp-json\/wp\/v2\/media?parent=1605"}],"curies":[{"name":"wp","href":"https:\/\/api.w.org\/{rel}","templated":true}]}}

<section class="wpb-content-wrapper"><p>[vc_row][vc_column width=&#8221;1/2&#8243; css=&#8221;.vc_custom_1479921547216{margin-top: -0.8em !important;margin-bottom: 1em !important;}&#8221;]<div id="sc_title_1400386536"
		class="sc_title sc_title_default"><h3 class="sc_item_title sc_title_title sc_align_default sc_item_title_style_default">Artichauts</h3><div class="sc_item_descr sc_title_descr sc_align_default">Découvrez notre sélection exceptionnelle d'artichauts, cultivés avec soin et récoltés à leur pleine maturité pour garantir leur goût et leur texture incomparables. Nous sommes fiers de proposer une variété d'artichauts de qualité supérieure. Explorez notre sélection d'artichauts dès maintenant et découvrez la richesse de leur saveur et texture dans toutes vos créations culinaires.</div></div><!-- /.sc_title -->[vc_empty_space height=&#8221;7.3rem&#8221; alter_height=&#8221;none&#8221; hide_on_mobile=&#8221;&#8221;][/vc_column][vc_column width=&#8221;1/2&#8243; css=&#8221;.vc_custom_1479883614224{margin-top: -3.6em !important;}&#8221;]<div class="sc_item_button sc_button_wrap sc_align_center"><a href="https://www.ollca.com/rouen/boutiques/fruitierdeshalles"
	 id="sc_button_999827590" 
	class="sc_button sc_button_default sc_button_size_normal sc_button_icon_left"
		><span class="sc_button_text"><span class="sc_button_title">Commander</span></span><!-- /.sc_button_text --></a><!-- /.sc_button --></div><!-- /.sc_item_button -->[/vc_column][/vc_row][vc_row full_width=&#8221;stretch_row&#8221; css=&#8221;.vc_custom_1681907884770{background-color: #f28c02 !important;background-position: center !important;background-repeat: no-repeat !important;background-size: cover !important;}&#8221;][vc_column width=&#8221;1/2&#8243;][vc_empty_space height=&#8221;&#8221; alter_height=&#8221;small&#8221; hide_on_mobile=&#8221;&#8221;][vc_single_image image=&#8221;1606&#8243; img_size=&#8221;full&#8221; alignment=&#8221;center&#8221; style=&#8221;vc_box_circle_2&#8243;][vc_empty_space height=&#8221;&#8221; alter_height=&#8221;small&#8221; hide_on_mobile=&#8221;&#8221;][/vc_column][vc_column width=&#8221;1/2&#8243;][vc_empty_space height=&#8221;&#8221; alter_height=&#8221;small&#8221; hide_on_mobile=&#8221;&#8221;]<div id="sc_title_1036167869"
		class="scheme_dark sc_title sc_title_default"><h3 class="sc_item_title sc_title_title sc_align_default sc_item_title_style_default">Artichaut calico</h3><div class="sc_item_descr sc_title_descr sc_align_default">L'artichaut Calico est une variété d'artichauts de type camus. C'est un gros artichaut de couleur verte, avec des feuilles charnues et une base épaisse. Sa saveur est douce et légèrement sucrée, avec une texture tendre et fondante. Il est souvent utilisé en cuisine pour faire des salades, des gratins, des soupes, des tartes et d'autres plats savoureux. L'artichaut Calico est également une source riche de fibres, de vitamines et de minéraux, ce qui en fait un choix sain pour toute personne souhaitant améliorer son régime alimentaire.</div></div><!-- /.sc_title -->[/vc_column][/vc_row][vc_row full_width=&#8221;stretch_row&#8221; css=&#8221;.vc_custom_1681907884770{background-color: #f28c02 !important;background-position: center !important;background-repeat: no-repeat !important;background-size: cover !important;}&#8221;][vc_column width=&#8221;1/2&#8243;][vc_empty_space height=&#8221;&#8221; alter_height=&#8221;small&#8221; hide_on_mobile=&#8221;&#8221;][vc_single_image image=&#8221;1607&#8243; img_size=&#8221;full&#8221; alignment=&#8221;center&#8221; style=&#8221;vc_box_circle_2&#8243;][vc_empty_space height=&#8221;&#8221; alter_height=&#8221;small&#8221; hide_on_mobile=&#8221;&#8221;][/vc_column][vc_column width=&#8221;1/2&#8243;][vc_empty_space height=&#8221;&#8221; alter_height=&#8221;small&#8221; hide_on_mobile=&#8221;&#8221;]<div id="sc_title_195307011"
		class="scheme_dark sc_title sc_title_default"><h3 class="sc_item_title sc_title_title sc_align_default sc_item_title_style_default">Artichaut poivrade</h3><div class="sc_item_descr sc_title_descr sc_align_default">L'artichaut poivrade est une variété d'artichaut dont le nom vient de sa forme allongée et fine rappelant celle d'un poivre. Il se consomme cuit à la vapeur ou poêlé et peut être dégusté seul, en accompagnement ou dans des préparations culinaires telles que des salades, des pizzas, des tajines ou des gratins. Il est également riche en nutriments tels que les fibres, les vitamines C et K, le magnésium et le potassium.</div></div><!-- /.sc_title -->[/vc_column][/vc_row][vc_row][vc_column css=&#8221;.vc_custom_1479889131039{margin-top: 1em !important;margin-bottom: -3.5em !important;}&#8221;]<div id="sc_title_1710224844"
		class="sc_title sc_title_default"><h6 class="sc_item_subtitle sc_title_subtitle sc_align_center sc_item_title_style_default">Nos recettes</h6><h3 class="sc_item_title sc_title_title sc_align_center sc_item_title_style_default">Une idée de recette ?</h3></div><!-- /.sc_title -->[vc_empty_space height=&#8221;2.6rem&#8221; alter_height=&#8221;none&#8221; hide_on_mobile=&#8221;&#8221;][/vc_column][/vc_row]</p>
</section>

<p>Découvrez notre sélection exceptionnelle d&#8217;artichauts.</p>

<!-- This site is optimized with the Yoast SEO plugin v21.7 - https://yoast.com/wordpress/plugins/seo/ -->
<title>Artichauts - Fruitier des Halles</title>
<meta name="robots" content="index, follow, max-snippet:-1, max-image-preview:large, max-video-preview:-1" />
<link rel="canonical" href="https://www.lefruitierdeshalles.fr/index.php/services/artichauts/" />
<meta property="og:locale" content="fr_FR" />
<meta property="og:type" content="article" />
<meta property="og:title" content="Artichauts - Fruitier des Halles" />
<meta property="og:description" content="Découvrez notre sélection exceptionnelle d&#039;artichauts." />
<meta property="og:url" content="https://www.lefruitierdeshalles.fr/index.php/services/artichauts/" />
<meta property="og:site_name" content="Fruitier des Halles" />
<meta property="article:modified_time" content="2023-04-27T14:54:18+00:00" />
<meta name="twitter:card" content="summary_large_image" />
<meta name="twitter:label1" content="Durée de lecture estimée" />
	<meta name="twitter:data1" content="3 minutes" />
<script type="application/ld+json" class="yoast-schema-graph">{"@context":"https://schema.org","@graph":[{"@type":"WebPage","@id":"https://www.lefruitierdeshalles.fr/index.php/services/artichauts/","url":"https://www.lefruitierdeshalles.fr/index.php/services/artichauts/","name":"Artichauts - Fruitier des Halles","isPartOf":{"@id":"http://www.lefruitierdeshalles.fr/#website"},"datePublished":"2023-04-20T09:01:27+00:00","dateModified":"2023-04-27T14:54:18+00:00","breadcrumb":{"@id":"https://www.lefruitierdeshalles.fr/index.php/services/artichauts/#breadcrumb"},"inLanguage":"fr-FR","potentialAction":[{"@type":"ReadAction","target":["https://www.lefruitierdeshalles.fr/index.php/services/artichauts/"]}]},{"@type":"BreadcrumbList","@id":"https://www.lefruitierdeshalles.fr/index.php/services/artichauts/#breadcrumb","itemListElement":[{"@type":"ListItem","position":1,"name":"Accueil","item":"http://www.lefruitierdeshalles.fr/"},{"@type":"ListItem","position":2,"name":"Services","item":"http://www.lefruitierdeshalles.fr/index.php/services/"},{"@type":"ListItem","position":3,"name":"Artichauts"}]},{"@type":"WebSite","@id":"http://www.lefruitierdeshalles.fr/#website","url":"http://www.lefruitierdeshalles.fr/","name":"Fruitier des Halles","description":"Primeur à Rouen","publisher":{"@id":"http://www.lefruitierdeshalles.fr/#organization"},"potentialAction":[{"@type":"SearchAction","target":{"@type":"EntryPoint","urlTemplate":"http://www.lefruitierdeshalles.fr/?s={search_term_string}"},"query-input":"required name=search_term_string"}],"inLanguage":"fr-FR"},{"@type":"Organization","@id":"http://www.lefruitierdeshalles.fr/#organization","name":"Fruitier des Halles","url":"http://www.lefruitierdeshalles.fr/","logo":{"@type":"ImageObject","inLanguage":"fr-FR","@id":"http://www.lefruitierdeshalles.fr/#/schema/logo/image/","url":"http://www.lefruitierdeshalles.fr/wp-content/uploads/2023/04/cropped-Logo-3_Plan-de-travail-1-03.png","contentUrl":"http://www.lefruitierdeshalles.fr/wp-content/uploads/2023/04/cropped-Logo-3_Plan-de-travail-1-03.png","width":512,"height":512,"caption":"Fruitier des Halles"},"image":{"@id":"http://www.lefruitierdeshalles.fr/#/schema/logo/image/"},"sameAs":["https://www.instagram.com/lefruitierdeshalles_rouen/"]}]}</script>
<!-- / Yoast SEO plugin. -->

Découvrez notre sélection exceptionnelle d'artichauts.

Primeur à Rouen
