{"id":1824,"date":"2023-04-21T14:48:15","date_gmt":"2023-04-21T12:48:15","guid":{"rendered":"https:\/\/www.lefruitierdeshalles.fr\/?post_type=cpt_services&#038;p=1824"},"modified":"2023-04-27T17:11:18","modified_gmt":"2023-04-27T15:11:18","slug":"poireaux","status":"publish","type":"cpt_services","link":"http:\/\/www.lefruitierdeshalles.fr\/index.php\/services\/poireaux\/","title":{"rendered":"Poireaux"},"content":{"rendered":"<section class=\"wpb-content-wrapper\"><p>[vc_row][vc_column width=&#8221;1\/2&#8243; css=&#8221;.vc_custom_1479921547216{margin-top: -0.8em !important;margin-bottom: 1em !important;}&#8221;]<div id=\"sc_title_1792430060\"\r\n\t\tclass=\"sc_title sc_title_default\"><h3 class=\"sc_item_title sc_title_title sc_align_default sc_item_title_style_default\">Poireaux<\/h3><div class=\"sc_item_descr sc_title_descr sc_align_default\">D\u00e9couvrez notre gamme de poireaux frais et de qualit\u00e9 sup\u00e9rieure ! Cultiv\u00e9s avec soin et passion, nos poireaux sont r\u00e9colt\u00e9s \u00e0 maturit\u00e9 pour vous garantir une saveur incomparable. Qu'ils soient utilis\u00e9s pour la confection de soupes, de gratins ou de quiches, nos poireaux apporteront une touche de fra\u00eecheur et de saveur \u00e0 tous vos plats. Commandez d\u00e8s maintenant et profitez de la fra\u00eecheur de nos poireaux dans vos assiettes !<\/div><\/div><!-- \/.sc_title -->[vc_empty_space height=&#8221;7.3rem&#8221; alter_height=&#8221;none&#8221; hide_on_mobile=&#8221;&#8221;][\/vc_column][vc_column width=&#8221;1\/2&#8243; css=&#8221;.vc_custom_1479883614224{margin-top: -3.6em !important;}&#8221;]<div class=\"sc_item_button sc_button_wrap sc_align_center\"><a href=\"https:\/\/www.ollca.com\/rouen\/boutiques\/fruitierdeshalles\"\r\n\t id=\"sc_button_40370899\" \r\n\tclass=\"sc_button sc_button_default sc_button_size_normal sc_button_icon_left\"\r\n\t\t><span class=\"sc_button_text\"><span class=\"sc_button_title\">Commander<\/span><\/span><!-- \/.sc_button_text --><\/a><!-- \/.sc_button --><\/div><!-- \/.sc_item_button -->[\/vc_column][\/vc_row][vc_row full_width=&#8221;stretch_row&#8221; css=&#8221;.vc_custom_1681907884770{background-color: #f28c02 !important;background-position: center !important;background-repeat: no-repeat !important;background-size: cover !important;}&#8221;][vc_column width=&#8221;1\/2&#8243;][vc_empty_space height=&#8221;&#8221; alter_height=&#8221;small&#8221; hide_on_mobile=&#8221;&#8221;][vc_single_image image=&#8221;1825&#8243; img_size=&#8221;full&#8221; alignment=&#8221;center&#8221; style=&#8221;vc_box_circle_2&#8243;][vc_empty_space height=&#8221;&#8221; alter_height=&#8221;small&#8221; hide_on_mobile=&#8221;&#8221;][\/vc_column][vc_column width=&#8221;1\/2&#8243;][vc_empty_space height=&#8221;&#8221; alter_height=&#8221;small&#8221; hide_on_mobile=&#8221;&#8221;]<div id=\"sc_title_791010039\"\r\n\t\tclass=\"scheme_dark sc_title sc_title_default\"><h3 class=\"sc_item_title sc_title_title sc_align_default sc_item_title_style_default\">Poireaux<\/h3><div class=\"sc_item_descr sc_title_descr sc_align_default\">Les poireaux sont des l\u00e9gumes de la famille des Alliaceae, originaires d'Europe et d'Asie de l'Ouest. Ils ont une longue tige blanche et cylindrique avec des feuilles vertes \u00e9paisses qui sortent de la base. Les poireaux sont riches en vitamines et min\u00e9raux, et ont une saveur douce et l\u00e9g\u00e8rement sucr\u00e9e lorsqu'ils sont cuits. Ils sont souvent utilis\u00e9s dans les soupes, les rago\u00fbts, les quiches et les tartes sal\u00e9es. Les poireaux sont \u00e9galement une excellente source de fibres alimentaires et peuvent aider \u00e0 am\u00e9liorer la digestion.<\/div><\/div><!-- \/.sc_title -->[\/vc_column][\/vc_row][vc_row][vc_column css=&#8221;.vc_custom_1479889131039{margin-top: 1em !important;margin-bottom: -3.5em !important;}&#8221;]<div id=\"sc_title_561158802\"\r\n\t\tclass=\"sc_title sc_title_default\"><h6 class=\"sc_item_subtitle sc_title_subtitle sc_align_center sc_item_title_style_default\">Nos recettes<\/h6><h3 class=\"sc_item_title sc_title_title sc_align_center sc_item_title_style_default\">Une id\u00e9e de recette ?<\/h3><\/div><!-- \/.sc_title -->[vc_empty_space height=&#8221;2.6rem&#8221; alter_height=&#8221;none&#8221; hide_on_mobile=&#8221;&#8221;][\/vc_column][\/vc_row]<\/p>\n<\/section>","protected":false},"excerpt":{"rendered":"<p>D\u00e9couvrez notre gamme de poireaux frais.<\/p>\n","protected":false},"author":1,"featured_media":0,"template":"","class_list":["post-1824","cpt_services","type-cpt_services","status-publish","hentry","cpt_services_group-nos-legumes"],"yoast_head":"<!-- This site is optimized with the Yoast SEO plugin v21.7 - https:\/\/yoast.com\/wordpress\/plugins\/seo\/ -->\n<title>Poireaux - Fruitier des Halles<\/title>\n<meta name=\"robots\" content=\"index, follow, max-snippet:-1, max-image-preview:large, max-video-preview:-1\" \/>\n<link rel=\"canonical\" href=\"http:\/\/www.lefruitierdeshalles.fr\/index.php\/services\/poireaux\/\" \/>\n<meta property=\"og:locale\" content=\"fr_FR\" \/>\n<meta property=\"og:type\" content=\"article\" \/>\n<meta property=\"og:title\" content=\"Poireaux - Fruitier des Halles\" \/>\n<meta property=\"og:description\" content=\"D\u00e9couvrez notre gamme de poireaux frais.\" \/>\n<meta property=\"og:url\" content=\"http:\/\/www.lefruitierdeshalles.fr\/index.php\/services\/poireaux\/\" \/>\n<meta property=\"og:site_name\" content=\"Fruitier des Halles\" \/>\n<meta property=\"article:modified_time\" content=\"2023-04-27T15:11:18+00:00\" \/>\n<meta name=\"twitter:card\" content=\"summary_large_image\" \/>\n<meta name=\"twitter:label1\" content=\"Dur\u00e9e de lecture estim\u00e9e\" \/>\n\t<meta name=\"twitter:data1\" content=\"2 minutes\" \/>\n<script type=\"application\/ld+json\" class=\"yoast-schema-graph\">{\"@context\":\"https:\/\/schema.org\",\"@graph\":[{\"@type\":\"WebPage\",\"@id\":\"http:\/\/www.lefruitierdeshalles.fr\/index.php\/services\/poireaux\/\",\"url\":\"http:\/\/www.lefruitierdeshalles.fr\/index.php\/services\/poireaux\/\",\"name\":\"Poireaux - Fruitier des Halles\",\"isPartOf\":{\"@id\":\"https:\/\/www.lefruitierdeshalles.fr\/#website\"},\"datePublished\":\"2023-04-21T12:48:15+00:00\",\"dateModified\":\"2023-04-27T15:11:18+00:00\",\"breadcrumb\":{\"@id\":\"http:\/\/www.lefruitierdeshalles.fr\/index.php\/services\/poireaux\/#breadcrumb\"},\"inLanguage\":\"fr-FR\",\"potentialAction\":[{\"@type\":\"ReadAction\",\"target\":[\"http:\/\/www.lefruitierdeshalles.fr\/index.php\/services\/poireaux\/\"]}]},{\"@type\":\"BreadcrumbList\",\"@id\":\"http:\/\/www.lefruitierdeshalles.fr\/index.php\/services\/poireaux\/#breadcrumb\",\"itemListElement\":[{\"@type\":\"ListItem\",\"position\":1,\"name\":\"Accueil\",\"item\":\"https:\/\/www.lefruitierdeshalles.fr\/\"},{\"@type\":\"ListItem\",\"position\":2,\"name\":\"Services\",\"item\":\"https:\/\/www.lefruitierdeshalles.fr\/index.php\/services\/\"},{\"@type\":\"ListItem\",\"position\":3,\"name\":\"Poireaux\"}]},{\"@type\":\"WebSite\",\"@id\":\"https:\/\/www.lefruitierdeshalles.fr\/#website\",\"url\":\"https:\/\/www.lefruitierdeshalles.fr\/\",\"name\":\"Fruitier des Halles\",\"description\":\"Primeur \u00e0 Rouen\",\"publisher\":{\"@id\":\"https:\/\/www.lefruitierdeshalles.fr\/#organization\"},\"potentialAction\":[{\"@type\":\"SearchAction\",\"target\":{\"@type\":\"EntryPoint\",\"urlTemplate\":\"https:\/\/www.lefruitierdeshalles.fr\/?s={search_term_string}\"},\"query-input\":\"required name=search_term_string\"}],\"inLanguage\":\"fr-FR\"},{\"@type\":\"Organization\",\"@id\":\"https:\/\/www.lefruitierdeshalles.fr\/#organization\",\"name\":\"Fruitier des Halles\",\"url\":\"https:\/\/www.lefruitierdeshalles.fr\/\",\"logo\":{\"@type\":\"ImageObject\",\"inLanguage\":\"fr-FR\",\"@id\":\"https:\/\/www.lefruitierdeshalles.fr\/#\/schema\/logo\/image\/\",\"url\":\"http:\/\/www.lefruitierdeshalles.fr\/wp-content\/uploads\/2023\/04\/cropped-Logo-3_Plan-de-travail-1-03.png\",\"contentUrl\":\"http:\/\/www.lefruitierdeshalles.fr\/wp-content\/uploads\/2023\/04\/cropped-Logo-3_Plan-de-travail-1-03.png\",\"width\":512,\"height\":512,\"caption\":\"Fruitier des Halles\"},\"image\":{\"@id\":\"https:\/\/www.lefruitierdeshalles.fr\/#\/schema\/logo\/image\/\"},\"sameAs\":[\"https:\/\/www.instagram.com\/lefruitierdeshalles_rouen\/\"]}]}<\/script>\n<!-- \/ Yoast SEO plugin. -->","yoast_head_json":{"title":"Poireaux - Fruitier des Halles","robots":{"index":"index","follow":"follow","max-snippet":"max-snippet:-1","max-image-preview":"max-image-preview:large","max-video-preview":"max-video-preview:-1"},"canonical":"http:\/\/www.lefruitierdeshalles.fr\/index.php\/services\/poireaux\/","og_locale":"fr_FR","og_type":"article","og_title":"Poireaux - Fruitier des Halles","og_description":"D\u00e9couvrez notre gamme de poireaux frais.","og_url":"http:\/\/www.lefruitierdeshalles.fr\/index.php\/services\/poireaux\/","og_site_name":"Fruitier des Halles","article_modified_time":"2023-04-27T15:11:18+00:00","twitter_card":"summary_large_image","twitter_misc":{"Dur\u00e9e de lecture estim\u00e9e":"2 minutes"},"schema":{"@context":"https:\/\/schema.org","@graph":[{"@type":"WebPage","@id":"http:\/\/www.lefruitierdeshalles.fr\/index.php\/services\/poireaux\/","url":"http:\/\/www.lefruitierdeshalles.fr\/index.php\/services\/poireaux\/","name":"Poireaux - Fruitier des Halles","isPartOf":{"@id":"https:\/\/www.lefruitierdeshalles.fr\/#website"},"datePublished":"2023-04-21T12:48:15+00:00","dateModified":"2023-04-27T15:11:18+00:00","breadcrumb":{"@id":"http:\/\/www.lefruitierdeshalles.fr\/index.php\/services\/poireaux\/#breadcrumb"},"inLanguage":"fr-FR","potentialAction":[{"@type":"ReadAction","target":["http:\/\/www.lefruitierdeshalles.fr\/index.php\/services\/poireaux\/"]}]},{"@type":"BreadcrumbList","@id":"http:\/\/www.lefruitierdeshalles.fr\/index.php\/services\/poireaux\/#breadcrumb","itemListElement":[{"@type":"ListItem","position":1,"name":"Accueil","item":"https:\/\/www.lefruitierdeshalles.fr\/"},{"@type":"ListItem","position":2,"name":"Services","item":"https:\/\/www.lefruitierdeshalles.fr\/index.php\/services\/"},{"@type":"ListItem","position":3,"name":"Poireaux"}]},{"@type":"WebSite","@id":"https:\/\/www.lefruitierdeshalles.fr\/#website","url":"https:\/\/www.lefruitierdeshalles.fr\/","name":"Fruitier des Halles","description":"Primeur \u00e0 Rouen","publisher":{"@id":"https:\/\/www.lefruitierdeshalles.fr\/#organization"},"potentialAction":[{"@type":"SearchAction","target":{"@type":"EntryPoint","urlTemplate":"https:\/\/www.lefruitierdeshalles.fr\/?s={search_term_string}"},"query-input":"required name=search_term_string"}],"inLanguage":"fr-FR"},{"@type":"Organization","@id":"https:\/\/www.lefruitierdeshalles.fr\/#organization","name":"Fruitier des Halles","url":"https:\/\/www.lefruitierdeshalles.fr\/","logo":{"@type":"ImageObject","inLanguage":"fr-FR","@id":"https:\/\/www.lefruitierdeshalles.fr\/#\/schema\/logo\/image\/","url":"http:\/\/www.lefruitierdeshalles.fr\/wp-content\/uploads\/2023\/04\/cropped-Logo-3_Plan-de-travail-1-03.png","contentUrl":"http:\/\/www.lefruitierdeshalles.fr\/wp-content\/uploads\/2023\/04\/cropped-Logo-3_Plan-de-travail-1-03.png","width":512,"height":512,"caption":"Fruitier des Halles"},"image":{"@id":"https:\/\/www.lefruitierdeshalles.fr\/#\/schema\/logo\/image\/"},"sameAs":["https:\/\/www.instagram.com\/lefruitierdeshalles_rouen\/"]}]}},"_links":{"self":[{"href":"http:\/\/www.lefruitierdeshalles.fr\/index.php\/wp-json\/wp\/v2\/cpt_services\/1824","targetHints":{"allow":["GET"]}}],"collection":[{"href":"http:\/\/www.lefruitierdeshalles.fr\/index.php\/wp-json\/wp\/v2\/cpt_services"}],"about":[{"href":"http:\/\/www.lefruitierdeshalles.fr\/index.php\/wp-json\/wp\/v2\/types\/cpt_services"}],"author":[{"embeddable":true,"href":"http:\/\/www.lefruitierdeshalles.fr\/index.php\/wp-json\/wp\/v2\/users\/1"}],"wp:attachment":[{"href":"http:\/\/www.lefruitierdeshalles.fr\/index.php\/wp-json\/wp\/v2\/media?parent=1824"}],"curies":[{"name":"wp","href":"https:\/\/api.w.org\/{rel}","templated":true}]}}

<section class="wpb-content-wrapper"><p>[vc_row][vc_column width=&#8221;1/2&#8243; css=&#8221;.vc_custom_1479921547216{margin-top: -0.8em !important;margin-bottom: 1em !important;}&#8221;]<div id="sc_title_1792430060"
		class="sc_title sc_title_default"><h3 class="sc_item_title sc_title_title sc_align_default sc_item_title_style_default">Poireaux</h3><div class="sc_item_descr sc_title_descr sc_align_default">Découvrez notre gamme de poireaux frais et de qualité supérieure ! Cultivés avec soin et passion, nos poireaux sont récoltés à maturité pour vous garantir une saveur incomparable. Qu'ils soient utilisés pour la confection de soupes, de gratins ou de quiches, nos poireaux apporteront une touche de fraîcheur et de saveur à tous vos plats. Commandez dès maintenant et profitez de la fraîcheur de nos poireaux dans vos assiettes !</div></div><!-- /.sc_title -->[vc_empty_space height=&#8221;7.3rem&#8221; alter_height=&#8221;none&#8221; hide_on_mobile=&#8221;&#8221;][/vc_column][vc_column width=&#8221;1/2&#8243; css=&#8221;.vc_custom_1479883614224{margin-top: -3.6em !important;}&#8221;]<div class="sc_item_button sc_button_wrap sc_align_center"><a href="https://www.ollca.com/rouen/boutiques/fruitierdeshalles"
	 id="sc_button_40370899" 
	class="sc_button sc_button_default sc_button_size_normal sc_button_icon_left"
		><span class="sc_button_text"><span class="sc_button_title">Commander</span></span><!-- /.sc_button_text --></a><!-- /.sc_button --></div><!-- /.sc_item_button -->[/vc_column][/vc_row][vc_row full_width=&#8221;stretch_row&#8221; css=&#8221;.vc_custom_1681907884770{background-color: #f28c02 !important;background-position: center !important;background-repeat: no-repeat !important;background-size: cover !important;}&#8221;][vc_column width=&#8221;1/2&#8243;][vc_empty_space height=&#8221;&#8221; alter_height=&#8221;small&#8221; hide_on_mobile=&#8221;&#8221;][vc_single_image image=&#8221;1825&#8243; img_size=&#8221;full&#8221; alignment=&#8221;center&#8221; style=&#8221;vc_box_circle_2&#8243;][vc_empty_space height=&#8221;&#8221; alter_height=&#8221;small&#8221; hide_on_mobile=&#8221;&#8221;][/vc_column][vc_column width=&#8221;1/2&#8243;][vc_empty_space height=&#8221;&#8221; alter_height=&#8221;small&#8221; hide_on_mobile=&#8221;&#8221;]<div id="sc_title_791010039"
		class="scheme_dark sc_title sc_title_default"><h3 class="sc_item_title sc_title_title sc_align_default sc_item_title_style_default">Poireaux</h3><div class="sc_item_descr sc_title_descr sc_align_default">Les poireaux sont des légumes de la famille des Alliaceae, originaires d'Europe et d'Asie de l'Ouest. Ils ont une longue tige blanche et cylindrique avec des feuilles vertes épaisses qui sortent de la base. Les poireaux sont riches en vitamines et minéraux, et ont une saveur douce et légèrement sucrée lorsqu'ils sont cuits. Ils sont souvent utilisés dans les soupes, les ragoûts, les quiches et les tartes salées. Les poireaux sont également une excellente source de fibres alimentaires et peuvent aider à améliorer la digestion.</div></div><!-- /.sc_title -->[/vc_column][/vc_row][vc_row][vc_column css=&#8221;.vc_custom_1479889131039{margin-top: 1em !important;margin-bottom: -3.5em !important;}&#8221;]<div id="sc_title_561158802"
		class="sc_title sc_title_default"><h6 class="sc_item_subtitle sc_title_subtitle sc_align_center sc_item_title_style_default">Nos recettes</h6><h3 class="sc_item_title sc_title_title sc_align_center sc_item_title_style_default">Une idée de recette ?</h3></div><!-- /.sc_title -->[vc_empty_space height=&#8221;2.6rem&#8221; alter_height=&#8221;none&#8221; hide_on_mobile=&#8221;&#8221;][/vc_column][/vc_row]</p>
</section>

<p>Découvrez notre gamme de poireaux frais.</p>

<!-- This site is optimized with the Yoast SEO plugin v21.7 - https://yoast.com/wordpress/plugins/seo/ -->
<title>Poireaux - Fruitier des Halles</title>
<meta name="robots" content="index, follow, max-snippet:-1, max-image-preview:large, max-video-preview:-1" />
<link rel="canonical" href="http://www.lefruitierdeshalles.fr/index.php/services/poireaux/" />
<meta property="og:locale" content="fr_FR" />
<meta property="og:type" content="article" />
<meta property="og:title" content="Poireaux - Fruitier des Halles" />
<meta property="og:description" content="Découvrez notre gamme de poireaux frais." />
<meta property="og:url" content="http://www.lefruitierdeshalles.fr/index.php/services/poireaux/" />
<meta property="og:site_name" content="Fruitier des Halles" />
<meta property="article:modified_time" content="2023-04-27T15:11:18+00:00" />
<meta name="twitter:card" content="summary_large_image" />
<meta name="twitter:label1" content="Durée de lecture estimée" />
	<meta name="twitter:data1" content="2 minutes" />
<script type="application/ld+json" class="yoast-schema-graph">{"@context":"https://schema.org","@graph":[{"@type":"WebPage","@id":"http://www.lefruitierdeshalles.fr/index.php/services/poireaux/","url":"http://www.lefruitierdeshalles.fr/index.php/services/poireaux/","name":"Poireaux - Fruitier des Halles","isPartOf":{"@id":"https://www.lefruitierdeshalles.fr/#website"},"datePublished":"2023-04-21T12:48:15+00:00","dateModified":"2023-04-27T15:11:18+00:00","breadcrumb":{"@id":"http://www.lefruitierdeshalles.fr/index.php/services/poireaux/#breadcrumb"},"inLanguage":"fr-FR","potentialAction":[{"@type":"ReadAction","target":["http://www.lefruitierdeshalles.fr/index.php/services/poireaux/"]}]},{"@type":"BreadcrumbList","@id":"http://www.lefruitierdeshalles.fr/index.php/services/poireaux/#breadcrumb","itemListElement":[{"@type":"ListItem","position":1,"name":"Accueil","item":"https://www.lefruitierdeshalles.fr/"},{"@type":"ListItem","position":2,"name":"Services","item":"https://www.lefruitierdeshalles.fr/index.php/services/"},{"@type":"ListItem","position":3,"name":"Poireaux"}]},{"@type":"WebSite","@id":"https://www.lefruitierdeshalles.fr/#website","url":"https://www.lefruitierdeshalles.fr/","name":"Fruitier des Halles","description":"Primeur à Rouen","publisher":{"@id":"https://www.lefruitierdeshalles.fr/#organization"},"potentialAction":[{"@type":"SearchAction","target":{"@type":"EntryPoint","urlTemplate":"https://www.lefruitierdeshalles.fr/?s={search_term_string}"},"query-input":"required name=search_term_string"}],"inLanguage":"fr-FR"},{"@type":"Organization","@id":"https://www.lefruitierdeshalles.fr/#organization","name":"Fruitier des Halles","url":"https://www.lefruitierdeshalles.fr/","logo":{"@type":"ImageObject","inLanguage":"fr-FR","@id":"https://www.lefruitierdeshalles.fr/#/schema/logo/image/","url":"http://www.lefruitierdeshalles.fr/wp-content/uploads/2023/04/cropped-Logo-3_Plan-de-travail-1-03.png","contentUrl":"http://www.lefruitierdeshalles.fr/wp-content/uploads/2023/04/cropped-Logo-3_Plan-de-travail-1-03.png","width":512,"height":512,"caption":"Fruitier des Halles"},"image":{"@id":"https://www.lefruitierdeshalles.fr/#/schema/logo/image/"},"sameAs":["https://www.instagram.com/lefruitierdeshalles_rouen/"]}]}</script>
<!-- / Yoast SEO plugin. -->

Découvrez notre gamme de poireaux frais.

Primeur à Rouen
