{"id":1748,"date":"2023-04-20T16:10:33","date_gmt":"2023-04-20T14:10:33","guid":{"rendered":"https:\/\/www.lefruitierdeshalles.fr\/?post_type=cpt_services&#038;p=1748"},"modified":"2023-04-27T17:02:25","modified_gmt":"2023-04-27T15:02:25","slug":"endives","status":"publish","type":"cpt_services","link":"https:\/\/www.lefruitierdeshalles.fr\/index.php\/services\/endives\/","title":{"rendered":"Endives"},"content":{"rendered":"<section class=\"wpb-content-wrapper\"><p>[vc_row][vc_column width=&#8221;1\/2&#8243; css=&#8221;.vc_custom_1479921547216{margin-top: -0.8em !important;margin-bottom: 1em !important;}&#8221;]<div id=\"sc_title_683789920\"\r\n\t\tclass=\"sc_title sc_title_default\"><h3 class=\"sc_item_title sc_title_title sc_align_default sc_item_title_style_default\">Endives<\/h3><div class=\"sc_item_descr sc_title_descr sc_align_default\">Les endives sont un l\u00e9gume d\u00e9licieux et croquant qui peut \u00eatre consomm\u00e9 cru ou cuit. Avec leur saveur l\u00e9g\u00e8rement am\u00e8re et leur texture croquante, elles sont parfaites pour ajouter de la vari\u00e9t\u00e9 \u00e0 vos salades et autres plats. Chez le fruitier des halles, nous sommes fiers de vous offrir une gamme de qualit\u00e9 sup\u00e9rieure d'endives fra\u00eeches et savoureuses. Que vous soyez un chef professionnel ou un cuisinier amateur passionn\u00e9, nos endives sont le choix id\u00e9al pour ajouter de la saveur et de la texture \u00e0 tous vos plats pr\u00e9f\u00e9r\u00e9s. D\u00e9couvrez notre s\u00e9lection d\u00e8s maintenant et laissez-vous inspirer par leur go\u00fbt d\u00e9licieux.<\/div><\/div><!-- \/.sc_title -->[vc_empty_space height=&#8221;7.3rem&#8221; alter_height=&#8221;none&#8221; hide_on_mobile=&#8221;&#8221;][\/vc_column][vc_column width=&#8221;1\/2&#8243; css=&#8221;.vc_custom_1479883614224{margin-top: -3.6em !important;}&#8221;]<div class=\"sc_item_button sc_button_wrap sc_align_center\"><a href=\"https:\/\/www.ollca.com\/rouen\/boutiques\/fruitierdeshalles\"\r\n\t id=\"sc_button_1364744657\" \r\n\tclass=\"sc_button sc_button_default sc_button_size_normal sc_button_icon_left\"\r\n\t\t><span class=\"sc_button_text\"><span class=\"sc_button_title\">Commander<\/span><\/span><!-- \/.sc_button_text --><\/a><!-- \/.sc_button --><\/div><!-- \/.sc_item_button -->[\/vc_column][\/vc_row][vc_row full_width=&#8221;stretch_row&#8221; css=&#8221;.vc_custom_1681907884770{background-color: #f28c02 !important;background-position: center !important;background-repeat: no-repeat !important;background-size: cover !important;}&#8221;][vc_column width=&#8221;1\/2&#8243;][vc_empty_space height=&#8221;&#8221; alter_height=&#8221;small&#8221; hide_on_mobile=&#8221;&#8221;][vc_single_image image=&#8221;1749&#8243; img_size=&#8221;full&#8221; alignment=&#8221;center&#8221; style=&#8221;vc_box_circle_2&#8243;][vc_empty_space height=&#8221;&#8221; alter_height=&#8221;small&#8221; hide_on_mobile=&#8221;&#8221;][\/vc_column][vc_column width=&#8221;1\/2&#8243;][vc_empty_space height=&#8221;&#8221; alter_height=&#8221;small&#8221; hide_on_mobile=&#8221;&#8221;]<div id=\"sc_title_1534264985\"\r\n\t\tclass=\"scheme_dark sc_title sc_title_default\"><h3 class=\"sc_item_title sc_title_title sc_align_default sc_item_title_style_default\">Endives extra<\/h3><div class=\"sc_item_descr sc_title_descr sc_align_default\">Les endives extra sont des endives de qualit\u00e9 sup\u00e9rieure, cultiv\u00e9es en respectant des normes strictes en termes de culture et de s\u00e9lection. Elles sont souvent plus fermes, plus croquantes et plus savoureuses que les endives standards.<\/div><\/div><!-- \/.sc_title -->[\/vc_column][\/vc_row][vc_row][vc_column css=&#8221;.vc_custom_1479889131039{margin-top: 1em !important;margin-bottom: -3.5em !important;}&#8221;]<div id=\"sc_title_1237770549\"\r\n\t\tclass=\"sc_title sc_title_default\"><h6 class=\"sc_item_subtitle sc_title_subtitle sc_align_center sc_item_title_style_default\">Nos recettes<\/h6><h3 class=\"sc_item_title sc_title_title sc_align_center sc_item_title_style_default\">Une id\u00e9e de recette ?<\/h3><\/div><!-- \/.sc_title -->[vc_empty_space height=&#8221;2.6rem&#8221; alter_height=&#8221;none&#8221; hide_on_mobile=&#8221;&#8221;][\/vc_column][\/vc_row]<\/p>\n<\/section>","protected":false},"excerpt":{"rendered":"<p>D\u00e9couvrez notre s\u00e9lection d\u00e8s maintenant et laissez-vous inspirer par leur go\u00fbt d\u00e9licieux.<\/p>\n","protected":false},"author":1,"featured_media":0,"template":"","class_list":["post-1748","cpt_services","type-cpt_services","status-publish","hentry","cpt_services_group-nos-legumes"],"yoast_head":"<!-- This site is optimized with the Yoast SEO plugin v21.7 - https:\/\/yoast.com\/wordpress\/plugins\/seo\/ -->\n<title>Endives - Fruitier des Halles<\/title>\n<meta name=\"robots\" content=\"index, follow, max-snippet:-1, max-image-preview:large, max-video-preview:-1\" \/>\n<link rel=\"canonical\" href=\"https:\/\/www.lefruitierdeshalles.fr\/index.php\/services\/endives\/\" \/>\n<meta property=\"og:locale\" content=\"fr_FR\" \/>\n<meta property=\"og:type\" content=\"article\" \/>\n<meta property=\"og:title\" content=\"Endives - Fruitier des Halles\" \/>\n<meta property=\"og:description\" content=\"D\u00e9couvrez notre s\u00e9lection d\u00e8s maintenant et laissez-vous inspirer par leur go\u00fbt d\u00e9licieux.\" \/>\n<meta property=\"og:url\" content=\"https:\/\/www.lefruitierdeshalles.fr\/index.php\/services\/endives\/\" \/>\n<meta property=\"og:site_name\" content=\"Fruitier des Halles\" \/>\n<meta property=\"article:modified_time\" content=\"2023-04-27T15:02:25+00:00\" \/>\n<meta name=\"twitter:card\" content=\"summary_large_image\" \/>\n<meta name=\"twitter:label1\" content=\"Dur\u00e9e de lecture estim\u00e9e\" \/>\n\t<meta name=\"twitter:data1\" content=\"2 minutes\" \/>\n<script type=\"application\/ld+json\" class=\"yoast-schema-graph\">{\"@context\":\"https:\/\/schema.org\",\"@graph\":[{\"@type\":\"WebPage\",\"@id\":\"https:\/\/www.lefruitierdeshalles.fr\/index.php\/services\/endives\/\",\"url\":\"https:\/\/www.lefruitierdeshalles.fr\/index.php\/services\/endives\/\",\"name\":\"Endives - Fruitier des Halles\",\"isPartOf\":{\"@id\":\"http:\/\/www.lefruitierdeshalles.fr\/#website\"},\"datePublished\":\"2023-04-20T14:10:33+00:00\",\"dateModified\":\"2023-04-27T15:02:25+00:00\",\"breadcrumb\":{\"@id\":\"https:\/\/www.lefruitierdeshalles.fr\/index.php\/services\/endives\/#breadcrumb\"},\"inLanguage\":\"fr-FR\",\"potentialAction\":[{\"@type\":\"ReadAction\",\"target\":[\"https:\/\/www.lefruitierdeshalles.fr\/index.php\/services\/endives\/\"]}]},{\"@type\":\"BreadcrumbList\",\"@id\":\"https:\/\/www.lefruitierdeshalles.fr\/index.php\/services\/endives\/#breadcrumb\",\"itemListElement\":[{\"@type\":\"ListItem\",\"position\":1,\"name\":\"Accueil\",\"item\":\"http:\/\/www.lefruitierdeshalles.fr\/\"},{\"@type\":\"ListItem\",\"position\":2,\"name\":\"Services\",\"item\":\"http:\/\/www.lefruitierdeshalles.fr\/index.php\/services\/\"},{\"@type\":\"ListItem\",\"position\":3,\"name\":\"Endives\"}]},{\"@type\":\"WebSite\",\"@id\":\"http:\/\/www.lefruitierdeshalles.fr\/#website\",\"url\":\"http:\/\/www.lefruitierdeshalles.fr\/\",\"name\":\"Fruitier des Halles\",\"description\":\"Primeur \u00e0 Rouen\",\"publisher\":{\"@id\":\"http:\/\/www.lefruitierdeshalles.fr\/#organization\"},\"potentialAction\":[{\"@type\":\"SearchAction\",\"target\":{\"@type\":\"EntryPoint\",\"urlTemplate\":\"http:\/\/www.lefruitierdeshalles.fr\/?s={search_term_string}\"},\"query-input\":\"required name=search_term_string\"}],\"inLanguage\":\"fr-FR\"},{\"@type\":\"Organization\",\"@id\":\"http:\/\/www.lefruitierdeshalles.fr\/#organization\",\"name\":\"Fruitier des Halles\",\"url\":\"http:\/\/www.lefruitierdeshalles.fr\/\",\"logo\":{\"@type\":\"ImageObject\",\"inLanguage\":\"fr-FR\",\"@id\":\"http:\/\/www.lefruitierdeshalles.fr\/#\/schema\/logo\/image\/\",\"url\":\"http:\/\/www.lefruitierdeshalles.fr\/wp-content\/uploads\/2023\/04\/cropped-Logo-3_Plan-de-travail-1-03.png\",\"contentUrl\":\"http:\/\/www.lefruitierdeshalles.fr\/wp-content\/uploads\/2023\/04\/cropped-Logo-3_Plan-de-travail-1-03.png\",\"width\":512,\"height\":512,\"caption\":\"Fruitier des Halles\"},\"image\":{\"@id\":\"http:\/\/www.lefruitierdeshalles.fr\/#\/schema\/logo\/image\/\"},\"sameAs\":[\"https:\/\/www.instagram.com\/lefruitierdeshalles_rouen\/\"]}]}<\/script>\n<!-- \/ Yoast SEO plugin. -->","yoast_head_json":{"title":"Endives - Fruitier des Halles","robots":{"index":"index","follow":"follow","max-snippet":"max-snippet:-1","max-image-preview":"max-image-preview:large","max-video-preview":"max-video-preview:-1"},"canonical":"https:\/\/www.lefruitierdeshalles.fr\/index.php\/services\/endives\/","og_locale":"fr_FR","og_type":"article","og_title":"Endives - Fruitier des Halles","og_description":"D\u00e9couvrez notre s\u00e9lection d\u00e8s maintenant et laissez-vous inspirer par leur go\u00fbt d\u00e9licieux.","og_url":"https:\/\/www.lefruitierdeshalles.fr\/index.php\/services\/endives\/","og_site_name":"Fruitier des Halles","article_modified_time":"2023-04-27T15:02:25+00:00","twitter_card":"summary_large_image","twitter_misc":{"Dur\u00e9e de lecture estim\u00e9e":"2 minutes"},"schema":{"@context":"https:\/\/schema.org","@graph":[{"@type":"WebPage","@id":"https:\/\/www.lefruitierdeshalles.fr\/index.php\/services\/endives\/","url":"https:\/\/www.lefruitierdeshalles.fr\/index.php\/services\/endives\/","name":"Endives - Fruitier des Halles","isPartOf":{"@id":"http:\/\/www.lefruitierdeshalles.fr\/#website"},"datePublished":"2023-04-20T14:10:33+00:00","dateModified":"2023-04-27T15:02:25+00:00","breadcrumb":{"@id":"https:\/\/www.lefruitierdeshalles.fr\/index.php\/services\/endives\/#breadcrumb"},"inLanguage":"fr-FR","potentialAction":[{"@type":"ReadAction","target":["https:\/\/www.lefruitierdeshalles.fr\/index.php\/services\/endives\/"]}]},{"@type":"BreadcrumbList","@id":"https:\/\/www.lefruitierdeshalles.fr\/index.php\/services\/endives\/#breadcrumb","itemListElement":[{"@type":"ListItem","position":1,"name":"Accueil","item":"http:\/\/www.lefruitierdeshalles.fr\/"},{"@type":"ListItem","position":2,"name":"Services","item":"http:\/\/www.lefruitierdeshalles.fr\/index.php\/services\/"},{"@type":"ListItem","position":3,"name":"Endives"}]},{"@type":"WebSite","@id":"http:\/\/www.lefruitierdeshalles.fr\/#website","url":"http:\/\/www.lefruitierdeshalles.fr\/","name":"Fruitier des Halles","description":"Primeur \u00e0 Rouen","publisher":{"@id":"http:\/\/www.lefruitierdeshalles.fr\/#organization"},"potentialAction":[{"@type":"SearchAction","target":{"@type":"EntryPoint","urlTemplate":"http:\/\/www.lefruitierdeshalles.fr\/?s={search_term_string}"},"query-input":"required name=search_term_string"}],"inLanguage":"fr-FR"},{"@type":"Organization","@id":"http:\/\/www.lefruitierdeshalles.fr\/#organization","name":"Fruitier des Halles","url":"http:\/\/www.lefruitierdeshalles.fr\/","logo":{"@type":"ImageObject","inLanguage":"fr-FR","@id":"http:\/\/www.lefruitierdeshalles.fr\/#\/schema\/logo\/image\/","url":"http:\/\/www.lefruitierdeshalles.fr\/wp-content\/uploads\/2023\/04\/cropped-Logo-3_Plan-de-travail-1-03.png","contentUrl":"http:\/\/www.lefruitierdeshalles.fr\/wp-content\/uploads\/2023\/04\/cropped-Logo-3_Plan-de-travail-1-03.png","width":512,"height":512,"caption":"Fruitier des Halles"},"image":{"@id":"http:\/\/www.lefruitierdeshalles.fr\/#\/schema\/logo\/image\/"},"sameAs":["https:\/\/www.instagram.com\/lefruitierdeshalles_rouen\/"]}]}},"_links":{"self":[{"href":"https:\/\/www.lefruitierdeshalles.fr\/index.php\/wp-json\/wp\/v2\/cpt_services\/1748","targetHints":{"allow":["GET"]}}],"collection":[{"href":"https:\/\/www.lefruitierdeshalles.fr\/index.php\/wp-json\/wp\/v2\/cpt_services"}],"about":[{"href":"https:\/\/www.lefruitierdeshalles.fr\/index.php\/wp-json\/wp\/v2\/types\/cpt_services"}],"author":[{"embeddable":true,"href":"https:\/\/www.lefruitierdeshalles.fr\/index.php\/wp-json\/wp\/v2\/users\/1"}],"wp:attachment":[{"href":"https:\/\/www.lefruitierdeshalles.fr\/index.php\/wp-json\/wp\/v2\/media?parent=1748"}],"curies":[{"name":"wp","href":"https:\/\/api.w.org\/{rel}","templated":true}]}}

<section class="wpb-content-wrapper"><p>[vc_row][vc_column width=&#8221;1/2&#8243; css=&#8221;.vc_custom_1479921547216{margin-top: -0.8em !important;margin-bottom: 1em !important;}&#8221;]<div id="sc_title_683789920"
		class="sc_title sc_title_default"><h3 class="sc_item_title sc_title_title sc_align_default sc_item_title_style_default">Endives</h3><div class="sc_item_descr sc_title_descr sc_align_default">Les endives sont un légume délicieux et croquant qui peut être consommé cru ou cuit. Avec leur saveur légèrement amère et leur texture croquante, elles sont parfaites pour ajouter de la variété à vos salades et autres plats. Chez le fruitier des halles, nous sommes fiers de vous offrir une gamme de qualité supérieure d'endives fraîches et savoureuses. Que vous soyez un chef professionnel ou un cuisinier amateur passionné, nos endives sont le choix idéal pour ajouter de la saveur et de la texture à tous vos plats préférés. Découvrez notre sélection dès maintenant et laissez-vous inspirer par leur goût délicieux.</div></div><!-- /.sc_title -->[vc_empty_space height=&#8221;7.3rem&#8221; alter_height=&#8221;none&#8221; hide_on_mobile=&#8221;&#8221;][/vc_column][vc_column width=&#8221;1/2&#8243; css=&#8221;.vc_custom_1479883614224{margin-top: -3.6em !important;}&#8221;]<div class="sc_item_button sc_button_wrap sc_align_center"><a href="https://www.ollca.com/rouen/boutiques/fruitierdeshalles"
	 id="sc_button_1364744657" 
	class="sc_button sc_button_default sc_button_size_normal sc_button_icon_left"
		><span class="sc_button_text"><span class="sc_button_title">Commander</span></span><!-- /.sc_button_text --></a><!-- /.sc_button --></div><!-- /.sc_item_button -->[/vc_column][/vc_row][vc_row full_width=&#8221;stretch_row&#8221; css=&#8221;.vc_custom_1681907884770{background-color: #f28c02 !important;background-position: center !important;background-repeat: no-repeat !important;background-size: cover !important;}&#8221;][vc_column width=&#8221;1/2&#8243;][vc_empty_space height=&#8221;&#8221; alter_height=&#8221;small&#8221; hide_on_mobile=&#8221;&#8221;][vc_single_image image=&#8221;1749&#8243; img_size=&#8221;full&#8221; alignment=&#8221;center&#8221; style=&#8221;vc_box_circle_2&#8243;][vc_empty_space height=&#8221;&#8221; alter_height=&#8221;small&#8221; hide_on_mobile=&#8221;&#8221;][/vc_column][vc_column width=&#8221;1/2&#8243;][vc_empty_space height=&#8221;&#8221; alter_height=&#8221;small&#8221; hide_on_mobile=&#8221;&#8221;]<div id="sc_title_1534264985"
		class="scheme_dark sc_title sc_title_default"><h3 class="sc_item_title sc_title_title sc_align_default sc_item_title_style_default">Endives extra</h3><div class="sc_item_descr sc_title_descr sc_align_default">Les endives extra sont des endives de qualité supérieure, cultivées en respectant des normes strictes en termes de culture et de sélection. Elles sont souvent plus fermes, plus croquantes et plus savoureuses que les endives standards.</div></div><!-- /.sc_title -->[/vc_column][/vc_row][vc_row][vc_column css=&#8221;.vc_custom_1479889131039{margin-top: 1em !important;margin-bottom: -3.5em !important;}&#8221;]<div id="sc_title_1237770549"
		class="sc_title sc_title_default"><h6 class="sc_item_subtitle sc_title_subtitle sc_align_center sc_item_title_style_default">Nos recettes</h6><h3 class="sc_item_title sc_title_title sc_align_center sc_item_title_style_default">Une idée de recette ?</h3></div><!-- /.sc_title -->[vc_empty_space height=&#8221;2.6rem&#8221; alter_height=&#8221;none&#8221; hide_on_mobile=&#8221;&#8221;][/vc_column][/vc_row]</p>
</section>

<p>Découvrez notre sélection dès maintenant et laissez-vous inspirer par leur goût délicieux.</p>

<!-- This site is optimized with the Yoast SEO plugin v21.7 - https://yoast.com/wordpress/plugins/seo/ -->
<title>Endives - Fruitier des Halles</title>
<meta name="robots" content="index, follow, max-snippet:-1, max-image-preview:large, max-video-preview:-1" />
<link rel="canonical" href="https://www.lefruitierdeshalles.fr/index.php/services/endives/" />
<meta property="og:locale" content="fr_FR" />
<meta property="og:type" content="article" />
<meta property="og:title" content="Endives - Fruitier des Halles" />
<meta property="og:description" content="Découvrez notre sélection dès maintenant et laissez-vous inspirer par leur goût délicieux." />
<meta property="og:url" content="https://www.lefruitierdeshalles.fr/index.php/services/endives/" />
<meta property="og:site_name" content="Fruitier des Halles" />
<meta property="article:modified_time" content="2023-04-27T15:02:25+00:00" />
<meta name="twitter:card" content="summary_large_image" />
<meta name="twitter:label1" content="Durée de lecture estimée" />
	<meta name="twitter:data1" content="2 minutes" />
<script type="application/ld+json" class="yoast-schema-graph">{"@context":"https://schema.org","@graph":[{"@type":"WebPage","@id":"https://www.lefruitierdeshalles.fr/index.php/services/endives/","url":"https://www.lefruitierdeshalles.fr/index.php/services/endives/","name":"Endives - Fruitier des Halles","isPartOf":{"@id":"http://www.lefruitierdeshalles.fr/#website"},"datePublished":"2023-04-20T14:10:33+00:00","dateModified":"2023-04-27T15:02:25+00:00","breadcrumb":{"@id":"https://www.lefruitierdeshalles.fr/index.php/services/endives/#breadcrumb"},"inLanguage":"fr-FR","potentialAction":[{"@type":"ReadAction","target":["https://www.lefruitierdeshalles.fr/index.php/services/endives/"]}]},{"@type":"BreadcrumbList","@id":"https://www.lefruitierdeshalles.fr/index.php/services/endives/#breadcrumb","itemListElement":[{"@type":"ListItem","position":1,"name":"Accueil","item":"http://www.lefruitierdeshalles.fr/"},{"@type":"ListItem","position":2,"name":"Services","item":"http://www.lefruitierdeshalles.fr/index.php/services/"},{"@type":"ListItem","position":3,"name":"Endives"}]},{"@type":"WebSite","@id":"http://www.lefruitierdeshalles.fr/#website","url":"http://www.lefruitierdeshalles.fr/","name":"Fruitier des Halles","description":"Primeur à Rouen","publisher":{"@id":"http://www.lefruitierdeshalles.fr/#organization"},"potentialAction":[{"@type":"SearchAction","target":{"@type":"EntryPoint","urlTemplate":"http://www.lefruitierdeshalles.fr/?s={search_term_string}"},"query-input":"required name=search_term_string"}],"inLanguage":"fr-FR"},{"@type":"Organization","@id":"http://www.lefruitierdeshalles.fr/#organization","name":"Fruitier des Halles","url":"http://www.lefruitierdeshalles.fr/","logo":{"@type":"ImageObject","inLanguage":"fr-FR","@id":"http://www.lefruitierdeshalles.fr/#/schema/logo/image/","url":"http://www.lefruitierdeshalles.fr/wp-content/uploads/2023/04/cropped-Logo-3_Plan-de-travail-1-03.png","contentUrl":"http://www.lefruitierdeshalles.fr/wp-content/uploads/2023/04/cropped-Logo-3_Plan-de-travail-1-03.png","width":512,"height":512,"caption":"Fruitier des Halles"},"image":{"@id":"http://www.lefruitierdeshalles.fr/#/schema/logo/image/"},"sameAs":["https://www.instagram.com/lefruitierdeshalles_rouen/"]}]}</script>
<!-- / Yoast SEO plugin. -->

Découvrez notre sélection dès maintenant et laissez-vous inspirer par leur goût délicieux.

Primeur à Rouen
