{"id":1790,"date":"2023-04-21T11:02:22","date_gmt":"2023-04-21T09:02:22","guid":{"rendered":"https:\/\/www.lefruitierdeshalles.fr\/?post_type=cpt_services&#038;p=1790"},"modified":"2023-04-27T16:47:12","modified_gmt":"2023-04-27T14:47:12","slug":"nectarines","status":"publish","type":"cpt_services","link":"https:\/\/www.lefruitierdeshalles.fr\/index.php\/services\/nectarines\/","title":{"rendered":"Nectarines"},"content":{"rendered":"<section class=\"wpb-content-wrapper\"><p>[vc_row][vc_column width=&#8221;1\/2&#8243; css=&#8221;.vc_custom_1479921547216{margin-top: -0.8em !important;margin-bottom: 1em !important;}&#8221;]<div id=\"sc_title_220166821\"\r\n\t\tclass=\"sc_title sc_title_default\"><h3 class=\"sc_item_title sc_title_title sc_align_default sc_item_title_style_default\">Nectarines<\/h3><div class=\"sc_item_descr sc_title_descr sc_align_default\">D\u00e9couvrez notre gamme de nectarines juteuses et sucr\u00e9es, cultiv\u00e9es avec soin pour garantir une qualit\u00e9 irr\u00e9prochable. Ces fruits \u00e0 la chair ferme et savoureuse sont parfaits pour une d\u00e9gustation en dessert, en en-cas ou en smoothie. Nous mettons un point d'honneur \u00e0 s\u00e9lectionner les meilleures vari\u00e9t\u00e9s et \u00e0 les r\u00e9colter \u00e0 maturit\u00e9 pour vous offrir le meilleur go\u00fbt et la meilleure texture possible. D\u00e9couvrez nos nectarines d\u00e8s maintenant et r\u00e9galez-vous !<\/div><\/div><!-- \/.sc_title -->[vc_empty_space height=&#8221;7.3rem&#8221; alter_height=&#8221;none&#8221; hide_on_mobile=&#8221;&#8221;][\/vc_column][vc_column width=&#8221;1\/2&#8243; css=&#8221;.vc_custom_1479883614224{margin-top: -3.6em !important;}&#8221;]<div class=\"sc_item_button sc_button_wrap sc_align_center\"><a href=\"https:\/\/www.ollca.com\/rouen\/boutiques\/fruitierdeshalles\"\r\n\t id=\"sc_button_563912691\" \r\n\tclass=\"sc_button sc_button_default sc_button_size_normal sc_button_icon_left\"\r\n\t\t><span class=\"sc_button_text\"><span class=\"sc_button_title\">Commander<\/span><\/span><!-- \/.sc_button_text --><\/a><!-- \/.sc_button --><\/div><!-- \/.sc_item_button -->[\/vc_column][\/vc_row][vc_row full_width=&#8221;stretch_row&#8221; css=&#8221;.vc_custom_1681907884770{background-color: #f28c02 !important;background-position: center !important;background-repeat: no-repeat !important;background-size: cover !important;}&#8221;][vc_column width=&#8221;1\/2&#8243;][vc_empty_space height=&#8221;&#8221; alter_height=&#8221;small&#8221; hide_on_mobile=&#8221;&#8221;][vc_single_image image=&#8221;1791&#8243; img_size=&#8221;full&#8221; alignment=&#8221;center&#8221; style=&#8221;vc_box_circle_2&#8243;][vc_empty_space height=&#8221;&#8221; alter_height=&#8221;small&#8221; hide_on_mobile=&#8221;&#8221;][\/vc_column][vc_column width=&#8221;1\/2&#8243;][vc_empty_space height=&#8221;&#8221; alter_height=&#8221;small&#8221; hide_on_mobile=&#8221;&#8221;]<div id=\"sc_title_127539826\"\r\n\t\tclass=\"scheme_dark sc_title sc_title_default\"><h3 class=\"sc_item_title sc_title_title sc_align_default sc_item_title_style_default\">Nectarines blanches<\/h3><div class=\"sc_item_descr sc_title_descr sc_align_default\">Les nectarines blanches sont des fruits \u00e0 noyau, similaires aux p\u00eaches, mais avec une peau lisse et sans duvet. Elles ont une chair juteuse et sucr\u00e9e, avec une saveur l\u00e9g\u00e8rement acidul\u00e9e. Les nectarines blanches sont riches en vitamines et en antioxydants, ce qui les rend b\u00e9n\u00e9fiques pour la sant\u00e9. Elles peuvent \u00eatre consomm\u00e9es fra\u00eeches, coup\u00e9es en morceaux ou en tranches, utilis\u00e9es dans les smoothies ou les salades de fruits, ou cuites dans des tartes ou des compotes.<\/div><\/div><!-- \/.sc_title -->[\/vc_column][\/vc_row][vc_row full_width=&#8221;stretch_row&#8221; css=&#8221;.vc_custom_1681907884770{background-color: #f28c02 !important;background-position: center !important;background-repeat: no-repeat !important;background-size: cover !important;}&#8221;][vc_column width=&#8221;1\/2&#8243;][vc_empty_space height=&#8221;&#8221; alter_height=&#8221;small&#8221; hide_on_mobile=&#8221;&#8221;][vc_single_image image=&#8221;1792&#8243; img_size=&#8221;full&#8221; alignment=&#8221;center&#8221; style=&#8221;vc_box_circle_2&#8243;][vc_empty_space height=&#8221;&#8221; alter_height=&#8221;small&#8221; hide_on_mobile=&#8221;&#8221;][\/vc_column][vc_column width=&#8221;1\/2&#8243;][vc_empty_space height=&#8221;&#8221; alter_height=&#8221;small&#8221; hide_on_mobile=&#8221;&#8221;]<div id=\"sc_title_1496711983\"\r\n\t\tclass=\"scheme_dark sc_title sc_title_default\"><h3 class=\"sc_item_title sc_title_title sc_align_default sc_item_title_style_default\">Nectarines jaunes<\/h3><div class=\"sc_item_descr sc_title_descr sc_align_default\">Les nectarines jaunes sont des fruits de la m\u00eame famille que les p\u00eaches, mais avec une peau lisse et brillante. Elles sont de forme ronde ou ovale, et leur chair est juteuse et sucr\u00e9e. Les nectarines jaunes sont riches en vitamines A et C, en potassium et en fibres. Elles peuvent \u00eatre consomm\u00e9es fra\u00eeches, coup\u00e9es en morceaux dans une salade de fruits, utilis\u00e9es pour faire des tartes, des confitures ou des smoothies. Les nectarines jaunes sont disponibles en \u00e9t\u00e9, de juin \u00e0 septembre.<\/div><\/div><!-- \/.sc_title -->[\/vc_column][\/vc_row][vc_row][vc_column css=&#8221;.vc_custom_1479889131039{margin-top: 1em !important;margin-bottom: -3.5em !important;}&#8221;]<div id=\"sc_title_1201419070\"\r\n\t\tclass=\"sc_title sc_title_default\"><h6 class=\"sc_item_subtitle sc_title_subtitle sc_align_center sc_item_title_style_default\">Nos recettes<\/h6><h3 class=\"sc_item_title sc_title_title sc_align_center sc_item_title_style_default\">Une id\u00e9e de recette ?<\/h3><\/div><!-- \/.sc_title -->[vc_empty_space height=&#8221;2.6rem&#8221; alter_height=&#8221;none&#8221; hide_on_mobile=&#8221;&#8221;][\/vc_column][\/vc_row]<\/p>\n<\/section>","protected":false},"excerpt":{"rendered":"<p>D\u00e9couvrez notre gamme de nectarines juteuses et sucr\u00e9es.<\/p>\n","protected":false},"author":1,"featured_media":0,"template":"","class_list":["post-1790","cpt_services","type-cpt_services","status-publish","hentry","cpt_services_group-nos-fruits"],"yoast_head":"<!-- This site is optimized with the Yoast SEO plugin v21.7 - https:\/\/yoast.com\/wordpress\/plugins\/seo\/ -->\n<title>Nectarines - Fruitier des Halles<\/title>\n<meta name=\"robots\" content=\"index, follow, max-snippet:-1, max-image-preview:large, max-video-preview:-1\" \/>\n<link rel=\"canonical\" href=\"https:\/\/www.lefruitierdeshalles.fr\/index.php\/services\/nectarines\/\" \/>\n<meta property=\"og:locale\" content=\"fr_FR\" \/>\n<meta property=\"og:type\" content=\"article\" \/>\n<meta property=\"og:title\" content=\"Nectarines - Fruitier des Halles\" \/>\n<meta property=\"og:description\" content=\"D\u00e9couvrez notre gamme de nectarines juteuses et sucr\u00e9es.\" \/>\n<meta property=\"og:url\" content=\"https:\/\/www.lefruitierdeshalles.fr\/index.php\/services\/nectarines\/\" \/>\n<meta property=\"og:site_name\" content=\"Fruitier des Halles\" \/>\n<meta property=\"article:modified_time\" content=\"2023-04-27T14:47:12+00:00\" \/>\n<meta name=\"twitter:card\" content=\"summary_large_image\" \/>\n<meta name=\"twitter:label1\" content=\"Dur\u00e9e de lecture estim\u00e9e\" \/>\n\t<meta name=\"twitter:data1\" content=\"3 minutes\" \/>\n<script type=\"application\/ld+json\" class=\"yoast-schema-graph\">{\"@context\":\"https:\/\/schema.org\",\"@graph\":[{\"@type\":\"WebPage\",\"@id\":\"https:\/\/www.lefruitierdeshalles.fr\/index.php\/services\/nectarines\/\",\"url\":\"https:\/\/www.lefruitierdeshalles.fr\/index.php\/services\/nectarines\/\",\"name\":\"Nectarines - Fruitier des Halles\",\"isPartOf\":{\"@id\":\"http:\/\/www.lefruitierdeshalles.fr\/#website\"},\"datePublished\":\"2023-04-21T09:02:22+00:00\",\"dateModified\":\"2023-04-27T14:47:12+00:00\",\"breadcrumb\":{\"@id\":\"https:\/\/www.lefruitierdeshalles.fr\/index.php\/services\/nectarines\/#breadcrumb\"},\"inLanguage\":\"fr-FR\",\"potentialAction\":[{\"@type\":\"ReadAction\",\"target\":[\"https:\/\/www.lefruitierdeshalles.fr\/index.php\/services\/nectarines\/\"]}]},{\"@type\":\"BreadcrumbList\",\"@id\":\"https:\/\/www.lefruitierdeshalles.fr\/index.php\/services\/nectarines\/#breadcrumb\",\"itemListElement\":[{\"@type\":\"ListItem\",\"position\":1,\"name\":\"Accueil\",\"item\":\"http:\/\/www.lefruitierdeshalles.fr\/\"},{\"@type\":\"ListItem\",\"position\":2,\"name\":\"Services\",\"item\":\"http:\/\/www.lefruitierdeshalles.fr\/index.php\/services\/\"},{\"@type\":\"ListItem\",\"position\":3,\"name\":\"Nectarines\"}]},{\"@type\":\"WebSite\",\"@id\":\"http:\/\/www.lefruitierdeshalles.fr\/#website\",\"url\":\"http:\/\/www.lefruitierdeshalles.fr\/\",\"name\":\"Fruitier des Halles\",\"description\":\"Primeur \u00e0 Rouen\",\"publisher\":{\"@id\":\"http:\/\/www.lefruitierdeshalles.fr\/#organization\"},\"potentialAction\":[{\"@type\":\"SearchAction\",\"target\":{\"@type\":\"EntryPoint\",\"urlTemplate\":\"http:\/\/www.lefruitierdeshalles.fr\/?s={search_term_string}\"},\"query-input\":\"required name=search_term_string\"}],\"inLanguage\":\"fr-FR\"},{\"@type\":\"Organization\",\"@id\":\"http:\/\/www.lefruitierdeshalles.fr\/#organization\",\"name\":\"Fruitier des Halles\",\"url\":\"http:\/\/www.lefruitierdeshalles.fr\/\",\"logo\":{\"@type\":\"ImageObject\",\"inLanguage\":\"fr-FR\",\"@id\":\"http:\/\/www.lefruitierdeshalles.fr\/#\/schema\/logo\/image\/\",\"url\":\"http:\/\/www.lefruitierdeshalles.fr\/wp-content\/uploads\/2023\/04\/cropped-Logo-3_Plan-de-travail-1-03.png\",\"contentUrl\":\"http:\/\/www.lefruitierdeshalles.fr\/wp-content\/uploads\/2023\/04\/cropped-Logo-3_Plan-de-travail-1-03.png\",\"width\":512,\"height\":512,\"caption\":\"Fruitier des Halles\"},\"image\":{\"@id\":\"http:\/\/www.lefruitierdeshalles.fr\/#\/schema\/logo\/image\/\"},\"sameAs\":[\"https:\/\/www.instagram.com\/lefruitierdeshalles_rouen\/\"]}]}<\/script>\n<!-- \/ Yoast SEO plugin. -->","yoast_head_json":{"title":"Nectarines - Fruitier des Halles","robots":{"index":"index","follow":"follow","max-snippet":"max-snippet:-1","max-image-preview":"max-image-preview:large","max-video-preview":"max-video-preview:-1"},"canonical":"https:\/\/www.lefruitierdeshalles.fr\/index.php\/services\/nectarines\/","og_locale":"fr_FR","og_type":"article","og_title":"Nectarines - Fruitier des Halles","og_description":"D\u00e9couvrez notre gamme de nectarines juteuses et sucr\u00e9es.","og_url":"https:\/\/www.lefruitierdeshalles.fr\/index.php\/services\/nectarines\/","og_site_name":"Fruitier des Halles","article_modified_time":"2023-04-27T14:47:12+00:00","twitter_card":"summary_large_image","twitter_misc":{"Dur\u00e9e de lecture estim\u00e9e":"3 minutes"},"schema":{"@context":"https:\/\/schema.org","@graph":[{"@type":"WebPage","@id":"https:\/\/www.lefruitierdeshalles.fr\/index.php\/services\/nectarines\/","url":"https:\/\/www.lefruitierdeshalles.fr\/index.php\/services\/nectarines\/","name":"Nectarines - Fruitier des Halles","isPartOf":{"@id":"http:\/\/www.lefruitierdeshalles.fr\/#website"},"datePublished":"2023-04-21T09:02:22+00:00","dateModified":"2023-04-27T14:47:12+00:00","breadcrumb":{"@id":"https:\/\/www.lefruitierdeshalles.fr\/index.php\/services\/nectarines\/#breadcrumb"},"inLanguage":"fr-FR","potentialAction":[{"@type":"ReadAction","target":["https:\/\/www.lefruitierdeshalles.fr\/index.php\/services\/nectarines\/"]}]},{"@type":"BreadcrumbList","@id":"https:\/\/www.lefruitierdeshalles.fr\/index.php\/services\/nectarines\/#breadcrumb","itemListElement":[{"@type":"ListItem","position":1,"name":"Accueil","item":"http:\/\/www.lefruitierdeshalles.fr\/"},{"@type":"ListItem","position":2,"name":"Services","item":"http:\/\/www.lefruitierdeshalles.fr\/index.php\/services\/"},{"@type":"ListItem","position":3,"name":"Nectarines"}]},{"@type":"WebSite","@id":"http:\/\/www.lefruitierdeshalles.fr\/#website","url":"http:\/\/www.lefruitierdeshalles.fr\/","name":"Fruitier des Halles","description":"Primeur \u00e0 Rouen","publisher":{"@id":"http:\/\/www.lefruitierdeshalles.fr\/#organization"},"potentialAction":[{"@type":"SearchAction","target":{"@type":"EntryPoint","urlTemplate":"http:\/\/www.lefruitierdeshalles.fr\/?s={search_term_string}"},"query-input":"required name=search_term_string"}],"inLanguage":"fr-FR"},{"@type":"Organization","@id":"http:\/\/www.lefruitierdeshalles.fr\/#organization","name":"Fruitier des Halles","url":"http:\/\/www.lefruitierdeshalles.fr\/","logo":{"@type":"ImageObject","inLanguage":"fr-FR","@id":"http:\/\/www.lefruitierdeshalles.fr\/#\/schema\/logo\/image\/","url":"http:\/\/www.lefruitierdeshalles.fr\/wp-content\/uploads\/2023\/04\/cropped-Logo-3_Plan-de-travail-1-03.png","contentUrl":"http:\/\/www.lefruitierdeshalles.fr\/wp-content\/uploads\/2023\/04\/cropped-Logo-3_Plan-de-travail-1-03.png","width":512,"height":512,"caption":"Fruitier des Halles"},"image":{"@id":"http:\/\/www.lefruitierdeshalles.fr\/#\/schema\/logo\/image\/"},"sameAs":["https:\/\/www.instagram.com\/lefruitierdeshalles_rouen\/"]}]}},"_links":{"self":[{"href":"https:\/\/www.lefruitierdeshalles.fr\/index.php\/wp-json\/wp\/v2\/cpt_services\/1790","targetHints":{"allow":["GET"]}}],"collection":[{"href":"https:\/\/www.lefruitierdeshalles.fr\/index.php\/wp-json\/wp\/v2\/cpt_services"}],"about":[{"href":"https:\/\/www.lefruitierdeshalles.fr\/index.php\/wp-json\/wp\/v2\/types\/cpt_services"}],"author":[{"embeddable":true,"href":"https:\/\/www.lefruitierdeshalles.fr\/index.php\/wp-json\/wp\/v2\/users\/1"}],"wp:attachment":[{"href":"https:\/\/www.lefruitierdeshalles.fr\/index.php\/wp-json\/wp\/v2\/media?parent=1790"}],"curies":[{"name":"wp","href":"https:\/\/api.w.org\/{rel}","templated":true}]}}

<section class="wpb-content-wrapper"><p>[vc_row][vc_column width=&#8221;1/2&#8243; css=&#8221;.vc_custom_1479921547216{margin-top: -0.8em !important;margin-bottom: 1em !important;}&#8221;]<div id="sc_title_220166821"
		class="sc_title sc_title_default"><h3 class="sc_item_title sc_title_title sc_align_default sc_item_title_style_default">Nectarines</h3><div class="sc_item_descr sc_title_descr sc_align_default">Découvrez notre gamme de nectarines juteuses et sucrées, cultivées avec soin pour garantir une qualité irréprochable. Ces fruits à la chair ferme et savoureuse sont parfaits pour une dégustation en dessert, en en-cas ou en smoothie. Nous mettons un point d'honneur à sélectionner les meilleures variétés et à les récolter à maturité pour vous offrir le meilleur goût et la meilleure texture possible. Découvrez nos nectarines dès maintenant et régalez-vous !</div></div><!-- /.sc_title -->[vc_empty_space height=&#8221;7.3rem&#8221; alter_height=&#8221;none&#8221; hide_on_mobile=&#8221;&#8221;][/vc_column][vc_column width=&#8221;1/2&#8243; css=&#8221;.vc_custom_1479883614224{margin-top: -3.6em !important;}&#8221;]<div class="sc_item_button sc_button_wrap sc_align_center"><a href="https://www.ollca.com/rouen/boutiques/fruitierdeshalles"
	 id="sc_button_563912691" 
	class="sc_button sc_button_default sc_button_size_normal sc_button_icon_left"
		><span class="sc_button_text"><span class="sc_button_title">Commander</span></span><!-- /.sc_button_text --></a><!-- /.sc_button --></div><!-- /.sc_item_button -->[/vc_column][/vc_row][vc_row full_width=&#8221;stretch_row&#8221; css=&#8221;.vc_custom_1681907884770{background-color: #f28c02 !important;background-position: center !important;background-repeat: no-repeat !important;background-size: cover !important;}&#8221;][vc_column width=&#8221;1/2&#8243;][vc_empty_space height=&#8221;&#8221; alter_height=&#8221;small&#8221; hide_on_mobile=&#8221;&#8221;][vc_single_image image=&#8221;1791&#8243; img_size=&#8221;full&#8221; alignment=&#8221;center&#8221; style=&#8221;vc_box_circle_2&#8243;][vc_empty_space height=&#8221;&#8221; alter_height=&#8221;small&#8221; hide_on_mobile=&#8221;&#8221;][/vc_column][vc_column width=&#8221;1/2&#8243;][vc_empty_space height=&#8221;&#8221; alter_height=&#8221;small&#8221; hide_on_mobile=&#8221;&#8221;]<div id="sc_title_127539826"
		class="scheme_dark sc_title sc_title_default"><h3 class="sc_item_title sc_title_title sc_align_default sc_item_title_style_default">Nectarines blanches</h3><div class="sc_item_descr sc_title_descr sc_align_default">Les nectarines blanches sont des fruits à noyau, similaires aux pêches, mais avec une peau lisse et sans duvet. Elles ont une chair juteuse et sucrée, avec une saveur légèrement acidulée. Les nectarines blanches sont riches en vitamines et en antioxydants, ce qui les rend bénéfiques pour la santé. Elles peuvent être consommées fraîches, coupées en morceaux ou en tranches, utilisées dans les smoothies ou les salades de fruits, ou cuites dans des tartes ou des compotes.</div></div><!-- /.sc_title -->[/vc_column][/vc_row][vc_row full_width=&#8221;stretch_row&#8221; css=&#8221;.vc_custom_1681907884770{background-color: #f28c02 !important;background-position: center !important;background-repeat: no-repeat !important;background-size: cover !important;}&#8221;][vc_column width=&#8221;1/2&#8243;][vc_empty_space height=&#8221;&#8221; alter_height=&#8221;small&#8221; hide_on_mobile=&#8221;&#8221;][vc_single_image image=&#8221;1792&#8243; img_size=&#8221;full&#8221; alignment=&#8221;center&#8221; style=&#8221;vc_box_circle_2&#8243;][vc_empty_space height=&#8221;&#8221; alter_height=&#8221;small&#8221; hide_on_mobile=&#8221;&#8221;][/vc_column][vc_column width=&#8221;1/2&#8243;][vc_empty_space height=&#8221;&#8221; alter_height=&#8221;small&#8221; hide_on_mobile=&#8221;&#8221;]<div id="sc_title_1496711983"
		class="scheme_dark sc_title sc_title_default"><h3 class="sc_item_title sc_title_title sc_align_default sc_item_title_style_default">Nectarines jaunes</h3><div class="sc_item_descr sc_title_descr sc_align_default">Les nectarines jaunes sont des fruits de la même famille que les pêches, mais avec une peau lisse et brillante. Elles sont de forme ronde ou ovale, et leur chair est juteuse et sucrée. Les nectarines jaunes sont riches en vitamines A et C, en potassium et en fibres. Elles peuvent être consommées fraîches, coupées en morceaux dans une salade de fruits, utilisées pour faire des tartes, des confitures ou des smoothies. Les nectarines jaunes sont disponibles en été, de juin à septembre.</div></div><!-- /.sc_title -->[/vc_column][/vc_row][vc_row][vc_column css=&#8221;.vc_custom_1479889131039{margin-top: 1em !important;margin-bottom: -3.5em !important;}&#8221;]<div id="sc_title_1201419070"
		class="sc_title sc_title_default"><h6 class="sc_item_subtitle sc_title_subtitle sc_align_center sc_item_title_style_default">Nos recettes</h6><h3 class="sc_item_title sc_title_title sc_align_center sc_item_title_style_default">Une idée de recette ?</h3></div><!-- /.sc_title -->[vc_empty_space height=&#8221;2.6rem&#8221; alter_height=&#8221;none&#8221; hide_on_mobile=&#8221;&#8221;][/vc_column][/vc_row]</p>
</section>

<p>Découvrez notre gamme de nectarines juteuses et sucrées.</p>

<!-- This site is optimized with the Yoast SEO plugin v21.7 - https://yoast.com/wordpress/plugins/seo/ -->
<title>Nectarines - Fruitier des Halles</title>
<meta name="robots" content="index, follow, max-snippet:-1, max-image-preview:large, max-video-preview:-1" />
<link rel="canonical" href="https://www.lefruitierdeshalles.fr/index.php/services/nectarines/" />
<meta property="og:locale" content="fr_FR" />
<meta property="og:type" content="article" />
<meta property="og:title" content="Nectarines - Fruitier des Halles" />
<meta property="og:description" content="Découvrez notre gamme de nectarines juteuses et sucrées." />
<meta property="og:url" content="https://www.lefruitierdeshalles.fr/index.php/services/nectarines/" />
<meta property="og:site_name" content="Fruitier des Halles" />
<meta property="article:modified_time" content="2023-04-27T14:47:12+00:00" />
<meta name="twitter:card" content="summary_large_image" />
<meta name="twitter:label1" content="Durée de lecture estimée" />
	<meta name="twitter:data1" content="3 minutes" />
<script type="application/ld+json" class="yoast-schema-graph">{"@context":"https://schema.org","@graph":[{"@type":"WebPage","@id":"https://www.lefruitierdeshalles.fr/index.php/services/nectarines/","url":"https://www.lefruitierdeshalles.fr/index.php/services/nectarines/","name":"Nectarines - Fruitier des Halles","isPartOf":{"@id":"http://www.lefruitierdeshalles.fr/#website"},"datePublished":"2023-04-21T09:02:22+00:00","dateModified":"2023-04-27T14:47:12+00:00","breadcrumb":{"@id":"https://www.lefruitierdeshalles.fr/index.php/services/nectarines/#breadcrumb"},"inLanguage":"fr-FR","potentialAction":[{"@type":"ReadAction","target":["https://www.lefruitierdeshalles.fr/index.php/services/nectarines/"]}]},{"@type":"BreadcrumbList","@id":"https://www.lefruitierdeshalles.fr/index.php/services/nectarines/#breadcrumb","itemListElement":[{"@type":"ListItem","position":1,"name":"Accueil","item":"http://www.lefruitierdeshalles.fr/"},{"@type":"ListItem","position":2,"name":"Services","item":"http://www.lefruitierdeshalles.fr/index.php/services/"},{"@type":"ListItem","position":3,"name":"Nectarines"}]},{"@type":"WebSite","@id":"http://www.lefruitierdeshalles.fr/#website","url":"http://www.lefruitierdeshalles.fr/","name":"Fruitier des Halles","description":"Primeur à Rouen","publisher":{"@id":"http://www.lefruitierdeshalles.fr/#organization"},"potentialAction":[{"@type":"SearchAction","target":{"@type":"EntryPoint","urlTemplate":"http://www.lefruitierdeshalles.fr/?s={search_term_string}"},"query-input":"required name=search_term_string"}],"inLanguage":"fr-FR"},{"@type":"Organization","@id":"http://www.lefruitierdeshalles.fr/#organization","name":"Fruitier des Halles","url":"http://www.lefruitierdeshalles.fr/","logo":{"@type":"ImageObject","inLanguage":"fr-FR","@id":"http://www.lefruitierdeshalles.fr/#/schema/logo/image/","url":"http://www.lefruitierdeshalles.fr/wp-content/uploads/2023/04/cropped-Logo-3_Plan-de-travail-1-03.png","contentUrl":"http://www.lefruitierdeshalles.fr/wp-content/uploads/2023/04/cropped-Logo-3_Plan-de-travail-1-03.png","width":512,"height":512,"caption":"Fruitier des Halles"},"image":{"@id":"http://www.lefruitierdeshalles.fr/#/schema/logo/image/"},"sameAs":["https://www.instagram.com/lefruitierdeshalles_rouen/"]}]}</script>
<!-- / Yoast SEO plugin. -->

Découvrez notre gamme de nectarines juteuses et sucrées.

Primeur à Rouen
